Last updated on 2023-03-24 07:54:39 CET.
Flavor | Version | Tinstall | Tcheck | Ttotal | Status | Flags |
---|---|---|---|---|---|---|
r-devel-linux-x86_64-debian-clang | 0.1.16-91 | 38.99 | 237.93 | 276.92 | OK | |
r-devel-linux-x86_64-debian-gcc | 0.1.16-91 | 30.70 | 182.48 | 213.18 | OK | |
r-devel-linux-x86_64-fedora-clang | 0.1.16-91 | 354.48 | NOTE | |||
r-devel-linux-x86_64-fedora-gcc | 0.1.16-91 | 347.30 | OK | |||
r-devel-windows-x86_64 | 0.1.16-91 | 154.00 | 337.00 | 491.00 | NOTE | |
r-patched-linux-x86_64 | 0.1.16-91 | 38.56 | 226.59 | 265.15 | OK | |
r-release-linux-x86_64 | 0.1.16-91 | 30.86 | 229.65 | 260.51 | OK | |
r-release-macos-arm64 | 0.1.16-91 | 85.00 | NOTE | |||
r-release-macos-x86_64 | 0.1.16-91 | 123.00 | NOTE | |||
r-release-windows-x86_64 | 0.1.16-91 | 137.00 | 460.00 | 597.00 | NOTE | |
r-oldrel-macos-arm64 | 0.1.16-91 | 95.00 | NOTE | |||
r-oldrel-macos-x86_64 | 0.1.16-91 | 123.00 | NOTE | |||
r-oldrel-windows-ix86+x86_64 | 0.1.16-91 | 97.00 | 325.00 | 422.00 | NOTE |
Version: 0.1.16-91
Check: installed package size
Result: NOTE
installed size is 5.4Mb
sub-directories of 1Mb or more:
data 2.5Mb
doc 1.5Mb
Flavors: r-devel-linux-x86_64-fedora-clang, r-devel-windows-x86_64, r-release-macos-arm64, r-release-macos-x86_64, r-release-windows-x86_64, r-oldrel-macos-arm64, r-oldrel-macos-x86_64, r-oldrel-windows-ix86+x86_64