CRAN Package Check Results for Package dyncomp

Last updated on 2023-03-29 08:53:36 CEST.

Flavor Version Tinstall Tcheck Ttotal Status Flags
r-devel-linux-x86_64-debian-clang 0.0.2-1 2.11 21.65 23.76 NOTE
r-devel-linux-x86_64-debian-gcc 0.0.2-1 1.68 17.17 18.85 NOTE
r-devel-linux-x86_64-fedora-clang 0.0.2-1 30.86 NOTE
r-devel-linux-x86_64-fedora-gcc 0.0.2-1 28.88 NOTE
r-devel-windows-x86_64 0.0.2-1 13.00 0.00 13.00 NOTE
r-patched-linux-x86_64 0.0.2-1 2.35 20.61 22.96 NOTE
r-release-linux-x86_64 0.0.2-1 2.20 22.76 24.96 NOTE
r-release-macos-arm64 0.0.2-1 14.00 NOTE
r-release-macos-x86_64 0.0.2-1 21.00 NOTE
r-release-windows-x86_64 0.0.2-1 8.00 51.00 59.00 NOTE
r-oldrel-macos-arm64 0.0.2-1 16.00 NOTE
r-oldrel-macos-x86_64 0.0.2-1 23.00 NOTE
r-oldrel-windows-ix86+x86_64 0.0.2-1 6.00 46.00 52.00 NOTE

Check Details

Version: 0.0.2-1
Check: LazyData
Result: NOTE
     'LazyData' is specified without a 'data' directory
Flavors: r-devel-linux-x86_64-debian-clang, r-devel-linux-x86_64-debian-gcc, r-devel-linux-x86_64-fedora-clang, r-devel-linux-x86_64-fedora-gcc, r-devel-windows-x86_64, r-patched-linux-x86_64, r-release-linux-x86_64, r-release-macos-arm64, r-release-macos-x86_64, r-release-windows-x86_64, r-oldrel-macos-arm64, r-oldrel-macos-x86_64, r-oldrel-windows-ix86+x86_64