CRAN Package Check Results for Package dynamAedes

Last updated on 2024-02-26 07:49:59 CET.

Flavor Version Tinstall Tcheck Ttotal Status Flags
r-devel-linux-x86_64-debian-clang 2.2.8 30.31 405.70 436.01 OK
r-devel-linux-x86_64-debian-gcc 2.2.8 28.92 283.50 312.42 ERROR
r-devel-linux-x86_64-fedora-clang 2.2.8 526.08 ERROR
r-devel-linux-x86_64-fedora-gcc 2.2.8 565.01 ERROR
r-devel-windows-x86_64 2.2.8 28.00 427.00 455.00 OK
r-patched-linux-x86_64 2.2.8 29.22 398.41 427.63 OK
r-release-linux-x86_64 2.2.8 28.21 379.66 407.87 ERROR
r-release-macos-arm64 2.2.8 204.00 OK
r-release-macos-x86_64 2.2.8 403.00 OK
r-release-windows-x86_64 2.2.8 38.00 599.00 637.00 ERROR
r-oldrel-macos-arm64 2.2.8 204.00 OK
r-oldrel-windows-x86_64 2.2.8 39.00 520.00 559.00 ERROR

Check Details

Version: 2.2.8
Check: re-building of vignette outputs
Result: ERROR Error(s) in re-building vignettes: ... --- re-building ‘dynamAedes_01_punctual.Rmd’ using rmarkdown starting worker pid=188017 on localhost:11858 at 21:24:12.528 Loading required package: dynamAedes loaded dynamAedes and set parent environment | |%%%%%%%%%%%%%%%%%%%%%%%%%%%%%%%%%%%%%%%%%%%%%%%%%%%%%%%%%%%%%%%%%%%%%%| 100% Quitting from lines 182-199 [unnamed-chunk-14] (dynamAedes_01_punctual.Rmd) Error: processing vignette 'dynamAedes_01_punctual.Rmd' failed with diagnostics: The `legend.pos` theme element is not defined in the element hierarchy. --- failed re-building ‘dynamAedes_01_punctual.Rmd’ --- re-building ‘dynamAedes_02_local.Rmd’ using rmarkdown starting worker pid=215841 on localhost:11296 at 21:25:27.860 Loading required package: dynamAedes loaded dynamAedes and set parent environment | |%%%%%%%%%%%%%%%%%%%%%%%%%%%%%%%%%%%%%%%%%%%%%%%%%%%%%%%%%%%%%%%%%%%%%%| 100% Quitting from lines 416-432 [unnamed-chunk-32] (dynamAedes_02_local.Rmd) Error: processing vignette 'dynamAedes_02_local.Rmd' failed with diagnostics: The `legend.pos` theme element is not defined in the element hierarchy. --- failed re-building ‘dynamAedes_02_local.Rmd’ --- re-building ‘dynamAedes_03_regional.Rmd’ using rmarkdown starting worker pid=260443 on localhost:11813 at 21:27:43.015 Loading required package: dynamAedes loaded dynamAedes and set parent environment | |%%%%%%%%%%%%%%%%%%%%%%%%%%%%%%%%%%%%%%%%%%%%%%%%%%%%%%%%%%%%%%%%%%%%%%| 100% Quitting from lines 269-285 [unnamed-chunk-24] (dynamAedes_03_regional.Rmd) Error: processing vignette 'dynamAedes_03_regional.Rmd' failed with diagnostics: The `legend.pos` theme element is not defined in the element hierarchy. --- failed re-building ‘dynamAedes_03_regional.Rmd’ --- re-building ‘dynamAedes_04_uncompModel.Rmd’ using rmarkdown starting worker pid=293871 on localhost:11761 at 21:29:04.010 Loading required package: dynamAedes loaded dynamAedes and set parent environment | |%%%%%%%%%%%%%%%%%%%%%%%%%%%%%%%%%%%%%%%%%%%%%%%%%%%%%%%%%%%%%%%%%%%%%%| 100% Quitting from lines 196-210 [unnamed-chunk-13] (dynamAedes_04_uncompModel.Rmd) Error: processing vignette 'dynamAedes_04_uncompModel.Rmd' failed with diagnostics: The `legend.pos` theme element is not defined in the element hierarchy. --- failed re-building ‘dynamAedes_04_uncompModel.Rmd’ --- re-building ‘dynamAedes_05_spreader.Rmd’ using rmarkdown --- finished re-building ‘dynamAedes_05_spreader.Rmd’ SUMMARY: processing the following files failed: ‘dynamAedes_01_punctual.Rmd’ ‘dynamAedes_02_local.Rmd’ ‘dynamAedes_03_regional.Rmd’ ‘dynamAedes_04_uncompModel.Rmd’ Error: Vignette re-building failed. Execution halted Flavor: r-devel-linux-x86_64-debian-gcc

Version: 2.2.8
Check: re-building of vignette outputs
Result: ERROR Error(s) in re-building vignettes: --- re-building ‘dynamAedes_01_punctual.Rmd’ using rmarkdown starting worker pid=1116036 on localhost:11248 at 16:54:04.686 Loading required package: dynamAedes loaded dynamAedes and set parent environment | |%%%%%%%%%%%%%%%%%%%%%%%%%%%%%%%%%%%%%%%%%%%%%%%%%%%%%%%%%%%%%%%%%%%%%%| 100% Quitting from lines 182-199 [unnamed-chunk-14] (dynamAedes_01_punctual.Rmd) Error: processing vignette 'dynamAedes_01_punctual.Rmd' failed with diagnostics: The `legend.pos` theme element is not defined in the element hierarchy. --- failed re-building ‘dynamAedes_01_punctual.Rmd’ --- re-building ‘dynamAedes_02_local.Rmd’ using rmarkdown starting worker pid=1132297 on localhost:11077 at 16:57:25.920 Loading required package: dynamAedes loaded dynamAedes and set parent environment | |%%%%%%%%%%%%%%%%%%%%%%%%%%%%%%%%%%%%%%%%%%%%%%%%%%%%%%%%%%%%%%%%%%%%%%| 100% Quitting from lines 416-432 [unnamed-chunk-32] (dynamAedes_02_local.Rmd) Error: processing vignette 'dynamAedes_02_local.Rmd' failed with diagnostics: The `legend.pos` theme element is not defined in the element hierarchy. --- failed re-building ‘dynamAedes_02_local.Rmd’ --- re-building ‘dynamAedes_03_regional.Rmd’ using rmarkdown starting worker pid=1166300 on localhost:11010 at 17:03:30.613 Loading required package: dynamAedes loaded dynamAedes and set parent environment | |%%%%%%%%%%%%%%%%%%%%%%%%%%%%%%%%%%%%%%%%%%%%%%%%%%%%%%%%%%%%%%%%%%%%%%| 100% Quitting from lines 269-285 [unnamed-chunk-24] (dynamAedes_03_regional.Rmd) Error: processing vignette 'dynamAedes_03_regional.Rmd' failed with diagnostics: The `legend.pos` theme element is not defined in the element hierarchy. --- failed re-building ‘dynamAedes_03_regional.Rmd’ --- re-building ‘dynamAedes_04_uncompModel.Rmd’ using rmarkdown starting worker pid=1187774 on localhost:11360 at 17:07:35.976 Loading required package: dynamAedes loaded dynamAedes and set parent environment | |%%%%%%%%%%%%%%%%%%%%%%%%%%%%%%%%%%%%%%%%%%%%%%%%%%%%%%%%%%%%%%%%%%%%%%| 100% Quitting from lines 196-210 [unnamed-chunk-13] (dynamAedes_04_uncompModel.Rmd) Error: processing vignette 'dynamAedes_04_uncompModel.Rmd' failed with diagnostics: The `legend.pos` theme element is not defined in the element hierarchy. --- failed re-building ‘dynamAedes_04_uncompModel.Rmd’ --- re-building ‘dynamAedes_05_spreader.Rmd’ using rmarkdown --- finished re-building ‘dynamAedes_05_spreader.Rmd’ SUMMARY: processing the following files failed: ‘dynamAedes_01_punctual.Rmd’ ‘dynamAedes_02_local.Rmd’ ‘dynamAedes_03_regional.Rmd’ ‘dynamAedes_04_uncompModel.Rmd’ Error: Vignette re-building failed. Execution halted Flavor: r-devel-linux-x86_64-fedora-clang

Version: 2.2.8
Check: re-building of vignette outputs
Result: ERROR Error(s) in re-building vignettes: --- re-building ‘dynamAedes_01_punctual.Rmd’ using rmarkdown starting worker pid=3461596 on localhost:11200 at 13:35:55.492 Loading required package: dynamAedes loaded dynamAedes and set parent environment | |%%%%%%%%%%%%%%%%%%%%%%%%%%%%%%%%%%%%%%%%%%%%%%%%%%%%%%%%%%%%%%%%%%%%%%| 100% Quitting from lines 182-199 [unnamed-chunk-14] (dynamAedes_01_punctual.Rmd) Error: processing vignette 'dynamAedes_01_punctual.Rmd' failed with diagnostics: The `legend.pos` theme element is not defined in the element hierarchy. --- failed re-building ‘dynamAedes_01_punctual.Rmd’ --- re-building ‘dynamAedes_02_local.Rmd’ using rmarkdown starting worker pid=3492993 on localhost:11788 at 13:41:14.427 Loading required package: dynamAedes loaded dynamAedes and set parent environment | |%%%%%%%%%%%%%%%%%%%%%%%%%%%%%%%%%%%%%%%%%%%%%%%%%%%%%%%%%%%%%%%%%%%%%%| 100% Quitting from lines 416-432 [unnamed-chunk-32] (dynamAedes_02_local.Rmd) Error: processing vignette 'dynamAedes_02_local.Rmd' failed with diagnostics: The `legend.pos` theme element is not defined in the element hierarchy. --- failed re-building ‘dynamAedes_02_local.Rmd’ --- re-building ‘dynamAedes_03_regional.Rmd’ using rmarkdown starting worker pid=3553720 on localhost:11643 at 13:49:50.620 Loading required package: dynamAedes loaded dynamAedes and set parent environment | |%%%%%%%%%%%%%%%%%%%%%%%%%%%%%%%%%%%%%%%%%%%%%%%%%%%%%%%%%%%%%%%%%%%%%%| 100% Quitting from lines 269-285 [unnamed-chunk-24] (dynamAedes_03_regional.Rmd) Error: processing vignette 'dynamAedes_03_regional.Rmd' failed with diagnostics: The `legend.pos` theme element is not defined in the element hierarchy. --- failed re-building ‘dynamAedes_03_regional.Rmd’ --- re-building ‘dynamAedes_04_uncompModel.Rmd’ using rmarkdown starting worker pid=3579044 on localhost:11799 at 13:53:43.749 Loading required package: dynamAedes loaded dynamAedes and set parent environment | |%%%%%%%%%%%%%%%%%%%%%%%%%%%%%%%%%%%%%%%%%%%%%%%%%%%%%%%%%%%%%%%%%%%%%%| 100% Quitting from lines 196-210 [unnamed-chunk-13] (dynamAedes_04_uncompModel.Rmd) Error: processing vignette 'dynamAedes_04_uncompModel.Rmd' failed with diagnostics: The `legend.pos` theme element is not defined in the element hierarchy. --- failed re-building ‘dynamAedes_04_uncompModel.Rmd’ --- re-building ‘dynamAedes_05_spreader.Rmd’ using rmarkdown --- finished re-building ‘dynamAedes_05_spreader.Rmd’ SUMMARY: processing the following files failed: ‘dynamAedes_01_punctual.Rmd’ ‘dynamAedes_02_local.Rmd’ ‘dynamAedes_03_regional.Rmd’ ‘dynamAedes_04_uncompModel.Rmd’ Error: Vignette re-building failed. Execution halted Flavor: r-devel-linux-x86_64-fedora-gcc

Version: 2.2.8
Check: re-building of vignette outputs
Result: ERROR Error(s) in re-building vignettes: ... --- re-building ‘dynamAedes_01_punctual.Rmd’ using rmarkdown starting worker pid=597238 on localhost:11865 at 08:13:20.073 Loading required package: dynamAedes loaded dynamAedes and set parent environment | |%%%%%%%%%%%%%%%%%%%%%%%%%%%%%%%%%%%%%%%%%%%%%%%%%%%%%%%%%%%%%%%%%%%%%%| 100% Quitting from lines 182-199 [unnamed-chunk-14] (dynamAedes_01_punctual.Rmd) Error: processing vignette 'dynamAedes_01_punctual.Rmd' failed with diagnostics: The `legend.pos` theme element is not defined in the element hierarchy. --- failed re-building ‘dynamAedes_01_punctual.Rmd’ --- re-building ‘dynamAedes_02_local.Rmd’ using rmarkdown starting worker pid=618625 on localhost:11934 at 08:14:37.612 Loading required package: dynamAedes loaded dynamAedes and set parent environment | |%%%%%%%%%%%%%%%%%%%%%%%%%%%%%%%%%%%%%%%%%%%%%%%%%%%%%%%%%%%%%%%%%%%%%%| 100% Quitting from lines 416-432 [unnamed-chunk-32] (dynamAedes_02_local.Rmd) Error: processing vignette 'dynamAedes_02_local.Rmd' failed with diagnostics: The `legend.pos` theme element is not defined in the element hierarchy. --- failed re-building ‘dynamAedes_02_local.Rmd’ --- re-building ‘dynamAedes_03_regional.Rmd’ using rmarkdown starting worker pid=648595 on localhost:11782 at 08:16:50.191 Loading required package: dynamAedes loaded dynamAedes and set parent environment | |%%%%%%%%%%%%%%%%%%%%%%%%%%%%%%%%%%%%%%%%%%%%%%%%%%%%%%%%%%%%%%%%%%%%%%| 100% Quitting from lines 269-285 [unnamed-chunk-24] (dynamAedes_03_regional.Rmd) Error: processing vignette 'dynamAedes_03_regional.Rmd' failed with diagnostics: The `legend.pos` theme element is not defined in the element hierarchy. --- failed re-building ‘dynamAedes_03_regional.Rmd’ --- re-building ‘dynamAedes_04_uncompModel.Rmd’ using rmarkdown starting worker pid=666720 on localhost:11546 at 08:18:08.869 Loading required package: dynamAedes loaded dynamAedes and set parent environment | |%%%%%%%%%%%%%%%%%%%%%%%%%%%%%%%%%%%%%%%%%%%%%%%%%%%%%%%%%%%%%%%%%%%%%%| 100% Quitting from lines 196-210 [unnamed-chunk-13] (dynamAedes_04_uncompModel.Rmd) Error: processing vignette 'dynamAedes_04_uncompModel.Rmd' failed with diagnostics: The `legend.pos` theme element is not defined in the element hierarchy. --- failed re-building ‘dynamAedes_04_uncompModel.Rmd’ --- re-building ‘dynamAedes_05_spreader.Rmd’ using rmarkdown --- finished re-building ‘dynamAedes_05_spreader.Rmd’ SUMMARY: processing the following files failed: ‘dynamAedes_01_punctual.Rmd’ ‘dynamAedes_02_local.Rmd’ ‘dynamAedes_03_regional.Rmd’ ‘dynamAedes_04_uncompModel.Rmd’ Error: Vignette re-building failed. Execution halted Flavor: r-release-linux-x86_64

Version: 2.2.8
Check: re-building of vignette outputs
Result: ERROR Error(s) in re-building vignettes: --- re-building 'dynamAedes_01_punctual.Rmd' using rmarkdown starting worker pid=18700 on localhost:11962 at 09:03:40.685 Loading required package: dynamAedes loaded dynamAedes and set parent environment | |%%%%%%%%%%%%%%%%%%%%%%%%%%%%%%%%%%%%%%%%%%%%%%%%%%%%%%%%%%%%%%%%%%%%%%| 100% Quitting from lines 182-199 [unnamed-chunk-14] (dynamAedes_01_punctual.Rmd) Error: processing vignette 'dynamAedes_01_punctual.Rmd' failed with diagnostics: The `legend.pos` theme element is not defined in the element hierarchy. --- failed re-building 'dynamAedes_01_punctual.Rmd' --- re-building 'dynamAedes_02_local.Rmd' using rmarkdown starting worker pid=88512 on localhost:11929 at 09:04:35.956 Loading required package: dynamAedes loaded dynamAedes and set parent environment | |%%%%%%%%%%%%%%%%%%%%%%%%%%%%%%%%%%%%%%%%%%%%%%%%%%%%%%%%%%%%%%%%%%%%%%| 100% Quitting from lines 416-432 [unnamed-chunk-32] (dynamAedes_02_local.Rmd) Error: processing vignette 'dynamAedes_02_local.Rmd' failed with diagnostics: The `legend.pos` theme element is not defined in the element hierarchy. --- failed re-building 'dynamAedes_02_local.Rmd' --- re-building 'dynamAedes_03_regional.Rmd' using rmarkdown starting worker pid=46576 on localhost:11676 at 09:06:14.159 Loading required package: dynamAedes loaded dynamAedes and set parent environment | |%%%%%%%%%%%%%%%%%%%%%%%%%%%%%%%%%%%%%%%%%%%%%%%%%%%%%%%%%%%%%%%%%%%%%%| 100% Quitting from lines 269-285 [unnamed-chunk-24] (dynamAedes_03_regional.Rmd) Error: processing vignette 'dynamAedes_03_regional.Rmd' failed with diagnostics: The `legend.pos` theme element is not defined in the element hierarchy. --- failed re-building 'dynamAedes_03_regional.Rmd' --- re-building 'dynamAedes_04_uncompModel.Rmd' using rmarkdown starting worker pid=17448 on localhost:11246 at 09:07:12.749 Loading required package: dynamAedes loaded dynamAedes and set parent environment | |%%%%%%%%%%%%%%%%%%%%%%%%%%%%%%%%%%%%%%%%%%%%%%%%%%%%%%%%%%%%%%%%%%%%%%| 100% Quitting from lines 196-210 [unnamed-chunk-13] (dynamAedes_04_uncompModel.Rmd) Error: processing vignette 'dynamAedes_04_uncompModel.Rmd' failed with diagnostics: The `legend.pos` theme element is not defined in the element hierarchy. --- failed re-building 'dynamAedes_04_uncompModel.Rmd' --- re-building 'dynamAedes_05_spreader.Rmd' using rmarkdown --- finished re-building 'dynamAedes_05_spreader.Rmd' SUMMARY: processing the following files failed: 'dynamAedes_01_punctual.Rmd' 'dynamAedes_02_local.Rmd' 'dynamAedes_03_regional.Rmd' 'dynamAedes_04_uncompModel.Rmd' Error: Vignette re-building failed. Execution halted Flavor: r-release-windows-x86_64

Version: 2.2.8
Check: re-building of vignette outputs
Result: ERROR Error(s) in re-building vignettes: --- re-building 'dynamAedes_01_punctual.Rmd' using rmarkdown starting worker pid=14824 on localhost:11105 at 08:31:22.417 Loading required package: dynamAedes loaded dynamAedes and set parent environment | |%%%%%%%%%%%%%%%%%%%%%%%%%%%%%%%%%%%%%%%%%%%%%%%%%%%%%%%%%%%%%%%%%%%%%%| 100% Quitting from lines 182-199 [unnamed-chunk-14] (dynamAedes_01_punctual.Rmd) Error: processing vignette 'dynamAedes_01_punctual.Rmd' failed with diagnostics: The `legend.pos` theme element is not defined in the element hierarchy. --- failed re-building 'dynamAedes_01_punctual.Rmd' --- re-building 'dynamAedes_02_local.Rmd' using rmarkdown starting worker pid=189232 on localhost:11197 at 08:32:17.524 Loading required package: dynamAedes loaded dynamAedes and set parent environment | |%%%%%%%%%%%%%%%%%%%%%%%%%%%%%%%%%%%%%%%%%%%%%%%%%%%%%%%%%%%%%%%%%%%%%%| 100% Quitting from lines 416-432 [unnamed-chunk-32] (dynamAedes_02_local.Rmd) Error: processing vignette 'dynamAedes_02_local.Rmd' failed with diagnostics: The `legend.pos` theme element is not defined in the element hierarchy. --- failed re-building 'dynamAedes_02_local.Rmd' --- re-building 'dynamAedes_03_regional.Rmd' using rmarkdown starting worker pid=78624 on localhost:11722 at 08:33:55.198 Loading required package: dynamAedes loaded dynamAedes and set parent environment | |%%%%%%%%%%%%%%%%%%%%%%%%%%%%%%%%%%%%%%%%%%%%%%%%%%%%%%%%%%%%%%%%%%%%%%| 100% Quitting from lines 269-285 [unnamed-chunk-24] (dynamAedes_03_regional.Rmd) Error: processing vignette 'dynamAedes_03_regional.Rmd' failed with diagnostics: The `legend.pos` theme element is not defined in the element hierarchy. --- failed re-building 'dynamAedes_03_regional.Rmd' --- re-building 'dynamAedes_04_uncompModel.Rmd' using rmarkdown starting worker pid=200752 on localhost:11543 at 08:34:54.763 Loading required package: dynamAedes loaded dynamAedes and set parent environment | |%%%%%%%%%%%%%%%%%%%%%%%%%%%%%%%%%%%%%%%%%%%%%%%%%%%%%%%%%%%%%%%%%%%%%%| 100% Quitting from lines 196-210 [unnamed-chunk-13] (dynamAedes_04_uncompModel.Rmd) Error: processing vignette 'dynamAedes_04_uncompModel.Rmd' failed with diagnostics: The `legend.pos` theme element is not defined in the element hierarchy. --- failed re-building 'dynamAedes_04_uncompModel.Rmd' --- re-building 'dynamAedes_05_spreader.Rmd' using rmarkdown --- finished re-building 'dynamAedes_05_spreader.Rmd' SUMMARY: processing the following files failed: 'dynamAedes_01_punctual.Rmd' 'dynamAedes_02_local.Rmd' 'dynamAedes_03_regional.Rmd' 'dynamAedes_04_uncompModel.Rmd' Error: Vignette re-building failed. Execution halted Flavor: r-oldrel-windows-x86_64