Last updated on 2023-03-21 19:57:10 CET.
Flavor | Version | Tinstall | Tcheck | Ttotal | Status | Flags |
---|---|---|---|---|---|---|
r-devel-linux-x86_64-debian-clang | 1.0 | 8.40 | 56.43 | 64.83 | OK | |
r-devel-linux-x86_64-debian-gcc | 1.0 | 6.64 | 43.30 | 49.94 | OK | |
r-devel-linux-x86_64-fedora-clang | 1.0 | 82.38 | NOTE | |||
r-devel-linux-x86_64-fedora-gcc | 1.0 | 77.12 | NOTE | |||
r-devel-windows-x86_64 | 1.0 | 38.00 | 88.00 | 126.00 | OK | |
r-patched-linux-x86_64 | 1.0 | 8.63 | 52.47 | 61.10 | OK | |
r-release-linux-x86_64 | 1.0 | 6.51 | 51.33 | 57.84 | OK | |
r-release-macos-arm64 | 1.0 | 25.00 | NOTE | |||
r-release-macos-x86_64 | 1.0 | 38.00 | NOTE | |||
r-release-windows-x86_64 | 1.0 | 33.00 | 88.00 | 121.00 | OK | |
r-oldrel-macos-arm64 | 1.0 | 23.00 | NOTE | |||
r-oldrel-macos-x86_64 | 1.0 | 33.00 | NOTE | |||
r-oldrel-windows-ix86+x86_64 | 1.0 | 17.00 | 76.00 | 93.00 | OK |
Version: 1.0
Check: dependencies in R code
Result: NOTE
Namespaces in Imports field not imported from:
‘GenEst’ ‘expint’ ‘numDeriv’
All declared Imports should be used.
Flavors: r-devel-linux-x86_64-fedora-clang, r-devel-linux-x86_64-fedora-gcc, r-release-macos-arm64, r-release-macos-x86_64, r-oldrel-macos-arm64, r-oldrel-macos-x86_64