CRAN Package Check Results for Package dummy

Last updated on 2021-09-21 08:49:39 CEST.

Flavor Version Tinstall Tcheck Ttotal Status Flags
r-devel-linux-x86_64-debian-clang 0.1.3 1.89 19.73 21.62 OK
r-devel-linux-x86_64-debian-gcc 0.1.3 1.44 15.98 17.42 OK
r-devel-linux-x86_64-fedora-clang 0.1.3 35.42 OK
r-devel-linux-x86_64-fedora-gcc 0.1.3 25.62 OK
r-devel-windows-x86_64 0.1.3 2.00 27.00 29.00 OK
r-devel-windows-x86_64-gcc10-UCRT 0.1.3 ERROR
r-patched-linux-x86_64 0.1.3 1.43 19.51 20.94 OK
r-patched-solaris-x86 0.1.3 41.00 OK
r-release-linux-x86_64 0.1.3 1.84 19.69 21.53 OK
r-release-macos-arm64 0.1.3 OK
r-release-macos-x86_64 0.1.3 OK
r-release-windows-ix86+x86_64 0.1.3 4.00 27.00 31.00 OK
r-oldrel-macos-x86_64 0.1.3 OK
r-oldrel-windows-ix86+x86_64 0.1.3 4.00 25.00 29.00 OK

Check Details

Version: 0.1.3
Check: whether package can be installed
Result: WARN
    Found the following significant warnings:
     WARNING: installation-time patches will not be applied, could not get the patches index
Flavor: r-devel-windows-x86_64-gcc10-UCRT

Version: 0.1.3
Check: PDF version of manual
Result: WARN
    LaTeX errors when creating PDF version.
    This typically indicates Rd problems.
Flavor: r-devel-windows-x86_64-gcc10-UCRT

Version: 0.1.3
Check: PDF version of manual without hyperrefs or index
Result: ERROR
    Re-running with no redirection of stdout/stderr.
Flavor: r-devel-windows-x86_64-gcc10-UCRT