Last updated on 2023-02-03 19:52:00 CET.
Flavor | Version | Tinstall | Tcheck | Ttotal | Status | Flags |
---|---|---|---|---|---|---|
r-devel-linux-x86_64-debian-clang | 0.1 | 11.82 | 98.10 | 109.92 | NOTE | |
r-devel-linux-x86_64-debian-gcc | 0.1 | 8.89 | 73.74 | 82.63 | NOTE | |
r-devel-linux-x86_64-fedora-clang | 0.1 | 138.72 | NOTE | |||
r-devel-linux-x86_64-fedora-gcc | 0.1 | 140.10 | NOTE | |||
r-devel-windows-x86_64 | 0.1 | 19.00 | 141.00 | 160.00 | NOTE | |
r-patched-linux-x86_64 | 0.1 | 8.29 | 96.73 | 105.02 | NOTE | |
r-release-linux-x86_64 | 0.1 | 10.74 | 97.49 | 108.23 | NOTE | |
r-release-macos-arm64 | 0.1 | 38.00 | NOTE | |||
r-release-macos-x86_64 | 0.1 | 74.00 | NOTE | |||
r-release-windows-x86_64 | 0.1 | 23.00 | 150.00 | 173.00 | NOTE | |
r-oldrel-macos-arm64 | 0.1 | 56.00 | NOTE | |||
r-oldrel-macos-x86_64 | 0.1 | 82.00 | NOTE | |||
r-oldrel-windows-ix86+x86_64 | 0.1 | 27.00 | 133.00 | 160.00 | NOTE |
Version: 0.1
Check: LazyData
Result: NOTE
'LazyData' is specified without a 'data' directory
Flavors: r-devel-linux-x86_64-debian-clang, r-devel-linux-x86_64-debian-gcc, r-devel-linux-x86_64-fedora-clang, r-devel-linux-x86_64-fedora-gcc, r-devel-windows-x86_64, r-patched-linux-x86_64, r-release-linux-x86_64, r-release-macos-arm64, r-release-macos-x86_64, r-release-windows-x86_64, r-oldrel-macos-arm64, r-oldrel-macos-x86_64, r-oldrel-windows-ix86+x86_64