CRAN Package Check Results for Package dtwclust

Last updated on 2019-08-23 10:48:11 CEST.

Flavor Version Tinstall Tcheck Ttotal Status Flags
r-devel-linux-x86_64-debian-clang 5.5.4 136.12 346.44 482.56 NOTE
r-devel-linux-x86_64-debian-gcc 5.5.4 109.23 261.13 370.36 NOTE
r-devel-linux-x86_64-fedora-clang 5.5.4 646.26 NOTE
r-devel-linux-x86_64-fedora-gcc 5.5.4 629.75 NOTE
r-devel-windows-ix86+x86_64 5.5.4 355.00 431.00 786.00 NOTE
r-patched-linux-x86_64 5.5.4 120.97 334.62 455.59 NOTE
r-patched-solaris-x86 5.5.4 861.40 NOTE
r-release-linux-x86_64 5.5.4 124.73 340.95 465.68 NOTE
r-release-windows-ix86+x86_64 5.5.4 456.00 584.00 1040.00 NOTE
r-release-osx-x86_64 5.5.4 NOTE
r-oldrel-windows-ix86+x86_64 5.5.4 415.00 528.00 943.00 NOTE
r-oldrel-osx-x86_64 5.5.4 NOTE

Check Details

Version: 5.5.4
Check: for GNU extensions in Makefiles
Result: NOTE
    GNU make is a SystemRequirements.
Flavors: r-devel-linux-x86_64-debian-clang, r-devel-linux-x86_64-debian-gcc, r-devel-linux-x86_64-fedora-clang, r-devel-linux-x86_64-fedora-gcc, r-devel-windows-ix86+x86_64, r-patched-linux-x86_64, r-patched-solaris-x86, r-release-linux-x86_64, r-release-windows-ix86+x86_64, r-release-osx-x86_64, r-oldrel-windows-ix86+x86_64, r-oldrel-osx-x86_64

Version: 5.5.4
Check: installed package size
Result: NOTE
     installed size is 8.9Mb
     sub-directories of 1Mb or more:
     doc 2.5Mb
     libs 5.2Mb
Flavors: r-devel-linux-x86_64-fedora-clang, r-devel-windows-ix86+x86_64, r-release-windows-ix86+x86_64, r-release-osx-x86_64, r-oldrel-windows-ix86+x86_64, r-oldrel-osx-x86_64