CRAN Package Check Results for Package dtwclust

Last updated on 2020-01-23 09:51:59 CET.

Flavor Version Tinstall Tcheck Ttotal Status Flags
r-devel-linux-x86_64-debian-clang 5.5.6 161.96 360.49 522.45 NOTE
r-devel-linux-x86_64-debian-gcc 5.5.6 109.54 270.93 380.47 NOTE
r-devel-linux-x86_64-fedora-clang 5.5.6 664.99 NOTE
r-devel-linux-x86_64-fedora-gcc 5.5.6 651.69 NOTE
r-devel-windows-ix86+x86_64 5.5.6 358.00 468.00 826.00 NOTE
r-devel-windows-ix86+x86_64-gcc8 5.5.6 471.00 602.00 1073.00 NOTE
r-patched-linux-x86_64 5.5.6 122.04 331.01 453.05 NOTE
r-patched-solaris-x86 5.5.6 950.30 NOTE
r-release-linux-x86_64 5.5.6 122.80 327.82 450.62 NOTE
r-release-windows-ix86+x86_64 5.5.6 325.00 429.00 754.00 NOTE
r-release-osx-x86_64 5.5.6 NOTE
r-oldrel-windows-ix86+x86_64 5.5.6 312.00 418.00 730.00 NOTE
r-oldrel-osx-x86_64 5.5.6 NOTE

Additional issues

noSuggests

Check Details

Version: 5.5.6
Check: for GNU extensions in Makefiles
Result: NOTE
    GNU make is a SystemRequirements.
Flavors: r-devel-linux-x86_64-debian-clang, r-devel-linux-x86_64-debian-gcc, r-devel-linux-x86_64-fedora-clang, r-devel-linux-x86_64-fedora-gcc, r-devel-windows-ix86+x86_64, r-devel-windows-ix86+x86_64-gcc8, r-patched-linux-x86_64, r-patched-solaris-x86, r-release-linux-x86_64, r-release-windows-ix86+x86_64, r-release-osx-x86_64, r-oldrel-windows-ix86+x86_64, r-oldrel-osx-x86_64

Version: 5.5.6
Check: installed package size
Result: NOTE
     installed size is 9.0Mb
     sub-directories of 1Mb or more:
     doc 2.6Mb
     libs 5.2Mb
Flavors: r-devel-linux-x86_64-fedora-clang, r-devel-windows-ix86+x86_64, r-devel-windows-ix86+x86_64-gcc8, r-release-windows-ix86+x86_64, r-release-osx-x86_64, r-oldrel-windows-ix86+x86_64, r-oldrel-osx-x86_64