CRAN Package Check Results for Package dtree

Last updated on 2020-07-14 09:50:26 CEST.

Flavor Version Tinstall Tcheck Ttotal Status Flags
r-devel-linux-x86_64-debian-clang 0.4.2 17.53 122.66 140.19 OK
r-devel-linux-x86_64-debian-gcc 0.4.2 13.31 91.47 104.78 OK
r-devel-linux-x86_64-fedora-clang 0.4.2 174.27 OK
r-devel-linux-x86_64-fedora-gcc 0.4.2 168.11 OK
r-devel-windows-ix86+x86_64 0.4.2 45.00 182.00 227.00 OK
r-patched-linux-x86_64 0.4.2 17.10 116.69 133.79 OK
r-patched-solaris-x86 0.4.2 238.70 OK
r-release-linux-x86_64 0.4.2 15.28 117.39 132.67 OK
r-release-macos-x86_64 0.4.2 ERROR
r-release-windows-ix86+x86_64 0.4.2 47.00 134.00 181.00 OK
r-oldrel-macos-x86_64 0.4.2 OK
r-oldrel-windows-ix86+x86_64 0.4.2 39.00 174.00 213.00 OK

Check Details

Version: 0.4.2
Check: whether package can be installed
Result: ERROR
    Installation failed.
Flavor: r-release-macos-x86_64