CRAN Package Check Results for Package dtp

Last updated on 2021-09-22 08:50:05 CEST.

Flavor Version Tinstall Tcheck Ttotal Status Flags
r-devel-linux-x86_64-debian-clang 0.1.0 3.81 38.16 41.97 OK
r-devel-linux-x86_64-debian-gcc 0.1.0 2.67 29.47 32.14 OK
r-devel-linux-x86_64-fedora-clang 0.1.0 59.57 OK
r-devel-linux-x86_64-fedora-gcc 0.1.0 48.21 OK
r-devel-windows-x86_64 0.1.0 4.00 42.00 46.00 OK
r-devel-windows-x86_64-gcc10-UCRT 0.1.0 ERROR
r-patched-linux-x86_64 0.1.0 3.56 36.80 40.36 OK
r-patched-solaris-x86 0.1.0 72.10 OK
r-release-linux-x86_64 0.1.0 3.20 37.03 40.23 OK
r-release-macos-arm64 0.1.0 OK
r-release-macos-x86_64 0.1.0 OK
r-release-windows-ix86+x86_64 0.1.0 8.00 43.00 51.00 OK
r-oldrel-macos-x86_64 0.1.0 OK
r-oldrel-windows-ix86+x86_64 0.1.0 6.00 46.00 52.00 OK

Check Details

Version: 0.1.0
Check: PDF version of manual
Result: WARN
    LaTeX errors when creating PDF version.
    This typically indicates Rd problems.
Flavor: r-devel-windows-x86_64-gcc10-UCRT

Version: 0.1.0
Check: PDF version of manual without hyperrefs or index
Result: ERROR
    Re-running with no redirection of stdout/stderr.
Flavor: r-devel-windows-x86_64-gcc10-UCRT