CRAN Package Check Results for Package dstack

Last updated on 2020-10-01 08:48:39 CEST.

Flavor Version Tinstall Tcheck Ttotal Status Flags
r-devel-linux-x86_64-debian-clang 0.2.1 2.95 30.14 33.09 OK
r-devel-linux-x86_64-debian-gcc 0.2.1 0.29 1.93 2.22 ERROR
r-devel-linux-x86_64-fedora-clang 0.2.1 48.54 OK
r-devel-linux-x86_64-fedora-gcc 0.2.1 38.26 OK
r-devel-windows-ix86+x86_64 0.2.1 9.00 48.00 57.00 OK
r-patched-linux-x86_64 0.2.1 3.37 28.03 31.40 OK
r-patched-solaris-x86 0.2.1 57.40 OK
r-release-linux-x86_64 0.2.1 3.23 28.01 31.24 OK
r-release-macos-x86_64 0.2.1 OK
r-release-windows-ix86+x86_64 0.2.1 8.00 45.00 53.00 OK
r-oldrel-macos-x86_64 0.2.1 OK
r-oldrel-windows-ix86+x86_64 0.2.1 6.00 44.00 50.00 OK

Check Details

Version: 0.2.1
Check: whether package can be installed
Result: ERROR
    Installation failed.
Flavor: r-devel-linux-x86_64-debian-gcc