CRAN Package Check Results for Package dse

Last updated on 2020-10-27 19:50:22 CET.

Flavor Version Tinstall Tcheck Ttotal Status Flags
r-devel-linux-x86_64-debian-clang 2020.2-1 18.60 117.21 135.81 OK
r-devel-linux-x86_64-debian-gcc 2020.2-1 13.72 85.87 99.59 OK
r-devel-linux-x86_64-fedora-clang 2020.2-1 163.52 NOTE
r-devel-linux-x86_64-fedora-gcc 2020.2-1 902.02 NOTE
r-devel-windows-ix86+x86_64 2020.2-1 33.00 183.00 216.00 OK
r-patched-linux-x86_64 2020.2-1 OK
r-patched-solaris-x86 2020.2-1 193.10 OK
r-release-linux-x86_64 2020.2-1 14.58 107.23 121.81 OK
r-release-macos-x86_64 2020.2-1 OK
r-release-windows-ix86+x86_64 2020.2-1 24.00 147.00 171.00 OK
r-oldrel-macos-x86_64 2020.2-1 OK
r-oldrel-windows-ix86+x86_64 2020.2-1 39.00 174.00 213.00 OK

Check Details

Version: 2020.2-1
Check: Rd cross-references
Result: NOTE
    Undeclared package ‘EvalEst’ in Rd xrefs
Flavor: r-devel-linux-x86_64-fedora-clang

Version: 2020.2-1
Check: compiled code
Result: NOTE
    File ‘dse/libs/dse.so’:
     Found no calls to: ‘R_registerRoutines’, ‘R_useDynamicSymbols’
    
    It is good practice to register native routines and to disable symbol
    search.
    
    See ‘Writing portable packages’ in the ‘Writing R Extensions’ manual.
Flavors: r-devel-linux-x86_64-fedora-clang, r-devel-linux-x86_64-fedora-gcc