CRAN Package Check Results for Package drifter

Last updated on 2023-02-03 19:51:59 CET.

Flavor Version Tinstall Tcheck Ttotal Status Flags
r-devel-linux-x86_64-debian-clang 0.2.1 6.01 100.40 106.41 NOTE
r-devel-linux-x86_64-debian-gcc 0.2.1 4.62 78.06 82.68 NOTE
r-devel-linux-x86_64-fedora-clang 0.2.1 129.05 NOTE
r-devel-linux-x86_64-fedora-gcc 0.2.1 130.81 NOTE
r-patched-linux-x86_64 0.2.1 5.82 93.44 99.26 NOTE
r-release-linux-x86_64 0.2.1 4.58 95.71 100.29 NOTE
r-release-macos-arm64 0.2.1 33.00 NOTE
r-release-macos-x86_64 0.2.1 76.00 NOTE
r-release-windows-x86_64 0.2.1 22.00 127.00 149.00 NOTE
r-oldrel-macos-arm64 0.2.1 40.00 NOTE
r-oldrel-macos-x86_64 0.2.1 73.00 NOTE
r-oldrel-windows-ix86+x86_64 0.2.1 15.00 106.00 121.00 NOTE

Check Details

Version: 0.2.1
Check: LazyData
Result: NOTE
     'LazyData' is specified without a 'data' directory
Flavors: r-devel-linux-x86_64-debian-clang, r-devel-linux-x86_64-debian-gcc, r-devel-linux-x86_64-fedora-clang, r-devel-linux-x86_64-fedora-gcc, r-patched-linux-x86_64, r-release-linux-x86_64, r-release-macos-arm64, r-release-macos-x86_64, r-release-windows-x86_64, r-oldrel-macos-arm64, r-oldrel-macos-x86_64, r-oldrel-windows-ix86+x86_64