CRAN Package Check Results for Package drfit

Last updated on 2021-09-20 20:48:35 CEST.

Flavor Version Tinstall Tcheck Ttotal Status Flags
r-devel-linux-x86_64-debian-clang 0.7.2 12.73 130.43 143.16 OK
r-devel-linux-x86_64-debian-gcc 0.7.2 10.42 98.69 109.11 OK
r-devel-linux-x86_64-fedora-clang 0.7.2 179.30 OK
r-devel-linux-x86_64-fedora-gcc 0.7.2 166.71 OK
r-devel-windows-x86_64 0.7.2 15.00 121.00 136.00 OK
r-devel-windows-x86_64-gcc10-UCRT 0.7.2 ERROR
r-patched-linux-x86_64 0.7.2 18.28 124.88 143.16 OK
r-patched-solaris-x86 0.7.2 246.20 OK
r-release-linux-x86_64 0.7.2 11.18 123.48 134.66 OK
r-release-macos-arm64 0.7.2 OK
r-release-macos-x86_64 0.7.2 OK
r-release-windows-ix86+x86_64 0.7.2 32.00 126.00 158.00 OK
r-oldrel-macos-x86_64 0.7.2 OK
r-oldrel-windows-ix86+x86_64 0.7.2 30.00 128.00 158.00 OK

Check Details

Version: 0.7.2
Check: whether package can be installed
Result: WARN
    Found the following significant warnings:
     WARNING: installation-time patches will not be applied, could not get the patches index
Flavor: r-devel-windows-x86_64-gcc10-UCRT

Version: 0.7.2
Check: PDF version of manual
Result: WARN
    LaTeX errors when creating PDF version.
    This typically indicates Rd problems.
Flavor: r-devel-windows-x86_64-gcc10-UCRT

Version: 0.7.2
Check: PDF version of manual without hyperrefs or index
Result: ERROR
    Re-running with no redirection of stdout/stderr.
Flavor: r-devel-windows-x86_64-gcc10-UCRT