CRAN Package Check Results for Package drf

Last updated on 2024-02-26 19:50:06 CET.

Flavor Version Tinstall Tcheck Ttotal Status Flags
r-devel-linux-x86_64-debian-clang 1.1.0 116.55 73.62 190.17 NOTE
r-devel-linux-x86_64-debian-gcc 1.1.0 93.56 57.43 150.99 NOTE
r-devel-linux-x86_64-fedora-clang 1.1.0 328.64 NOTE
r-devel-linux-x86_64-fedora-gcc 1.1.0 284.41 NOTE
r-devel-windows-x86_64 1.1.0 99.00 96.00 195.00 NOTE
r-patched-linux-x86_64 1.1.0 119.47 73.47 192.94 NOTE
r-release-linux-x86_64 1.1.0 120.60 75.24 195.84 NOTE
r-release-macos-arm64 1.1.0 78.00 NOTE
r-release-macos-x86_64 1.1.0 125.00 NOTE
r-release-windows-x86_64 1.1.0 127.00 114.00 241.00 NOTE
r-oldrel-macos-arm64 1.1.0 69.00 NOTE
r-oldrel-windows-x86_64 1.1.0 118.00 102.00 220.00 NOTE

Check Details

Version: 1.1.0
Check: C++ specification
Result: NOTE Specified C++11: please drop specification unless essential Flavors: r-devel-linux-x86_64-debian-clang, r-devel-linux-x86_64-debian-gcc, r-devel-linux-x86_64-fedora-clang, r-devel-linux-x86_64-fedora-gcc, r-devel-windows-x86_64, r-patched-linux-x86_64, r-release-linux-x86_64, r-release-macos-arm64, r-release-macos-x86_64, r-release-windows-x86_64

Version: 1.1.0
Check: Rd files
Result: NOTE checkRd: (-1) predict.drf.Rd:30-31: Lost braces in \itemize; meant \describe ? checkRd: (-1) predict.drf.Rd:32-33: Lost braces in \itemize; meant \describe ? checkRd: (-1) predict.drf.Rd:34-35: Lost braces in \itemize; meant \describe ? checkRd: (-1) predict.drf.Rd:36-37: Lost braces in \itemize; meant \describe ? checkRd: (-1) predict.drf.Rd:38-39: Lost braces in \itemize; meant \describe ? checkRd: (-1) predict.drf.Rd:40-41: Lost braces in \itemize; meant \describe ? checkRd: (-1) predict.drf.Rd:42-43: Lost braces in \itemize; meant \describe ? checkRd: (-1) predict.drf.Rd:44: Lost braces in \itemize; meant \describe ? Flavors: r-devel-linux-x86_64-debian-clang, r-devel-linux-x86_64-debian-gcc, r-devel-linux-x86_64-fedora-clang

Version: 1.1.0
Check: for GNU extensions in Makefiles
Result: NOTE GNU make is a SystemRequirements. Flavors: r-devel-linux-x86_64-debian-clang, r-devel-linux-x86_64-debian-gcc, r-devel-linux-x86_64-fedora-clang, r-devel-linux-x86_64-fedora-gcc, r-devel-windows-x86_64, r-patched-linux-x86_64, r-release-linux-x86_64, r-release-macos-arm64, r-release-macos-x86_64, r-release-windows-x86_64, r-oldrel-macos-arm64, r-oldrel-windows-x86_64

Version: 1.1.0
Check: installed package size
Result: NOTE installed size is 6.7Mb sub-directories of 1Mb or more: libs 6.5Mb Flavors: r-release-macos-arm64, r-release-macos-x86_64, r-oldrel-macos-arm64