CRAN Package Check Results for Package drc

Last updated on 2022-08-07 09:53:57 CEST.

Flavor Version Tinstall Tcheck Ttotal Status Flags
r-devel-linux-x86_64-debian-clang 3.0-1 26.44 185.36 211.80 NOTE
r-devel-linux-x86_64-debian-gcc 3.0-1 16.73 136.02 152.75 NOTE
r-devel-linux-x86_64-fedora-clang 3.0-1 252.39 NOTE
r-devel-linux-x86_64-fedora-gcc 3.0-1 250.39 NOTE
r-devel-windows-x86_64 3.0-1 65.00 213.00 278.00 NOTE
r-patched-linux-x86_64 3.0-1 18.33 175.24 193.57 OK
r-release-linux-x86_64 3.0-1 24.81 174.33 199.14 OK
r-release-macos-arm64 3.0-1 62.00 OK
r-release-macos-x86_64 3.0-1 113.00 OK
r-release-windows-x86_64 3.0-1 68.00 216.00 284.00 OK
r-oldrel-macos-arm64 3.0-1 79.00 OK
r-oldrel-macos-x86_64 3.0-1 101.00 OK
r-oldrel-windows-ix86+x86_64 3.0-1 43.00 214.00 257.00 OK

Check Details

Version: 3.0-1
Check: Rd files
Result: NOTE
    checkRd: (-1) EDcomp.Rd:88: Escaped LaTeX specials: \&
    checkRd: (-1) LL.4.Rd:44: Escaped LaTeX specials: \&
    checkRd: (-1) W4.Rd:37: Escaped LaTeX specials: \&
    checkRd: (-1) algae.Rd:32: Escaped LaTeX specials: \&
    checkRd: (-1) anova.drc.Rd:40: Escaped LaTeX specials: \&
    checkRd: (-1) deguelin.Rd:33: Escaped LaTeX specials: \&
    checkRd: (-1) gompertz.Rd:55: Escaped LaTeX specials: \&
    checkRd: (-1) hatvalues.drc.Rd:44: Escaped LaTeX specials: \&
    checkRd: (-1) llogistic.Rd:64: Escaped LaTeX specials: \&
    checkRd: (-1) modelFit.Rd:36: Escaped LaTeX specials: \&
    checkRd: (-1) weibull1.Rd:67: Escaped LaTeX specials: \&
Flavors: r-devel-linux-x86_64-debian-clang, r-devel-linux-x86_64-debian-gcc, r-devel-linux-x86_64-fedora-clang, r-devel-linux-x86_64-fedora-gcc, r-devel-windows-x86_64