CRAN Package Check Results for Package dplyr

Last updated on 2019-07-15 10:47:38 CEST.

Flavor Version Tinstall Tcheck Ttotal Status Flags
r-devel-linux-x86_64-debian-clang 0.8.3 264.74 134.94 399.68 OK
r-devel-linux-x86_64-debian-gcc 0.8.3 225.16 104.16 329.32 OK
r-devel-linux-x86_64-fedora-clang 0.8.3 620.52 NOTE
r-devel-linux-x86_64-fedora-gcc 0.8.3 637.37 NOTE
r-devel-windows-ix86+x86_64 0.8.3 4.00 6.00 10.00 ERROR
r-patched-linux-x86_64 0.8.3 280.09 134.01 414.10 OK
r-patched-solaris-x86 0.8.3 604.40 NOTE
r-release-linux-x86_64 0.8.3 270.81 134.64 405.45 OK
r-release-windows-ix86+x86_64 0.8.3 565.00 240.00 805.00 NOTE
r-release-osx-x86_64 0.8.3 NOTE
r-oldrel-windows-ix86+x86_64 0.8.3 632.00 291.00 923.00 NOTE
r-oldrel-osx-x86_64 0.8.3 NOTE

Additional issues

valgrind

Check Details

Version: 0.8.3
Check: installed package size
Result: NOTE
     installed size is 27.3Mb
     sub-directories of 1Mb or more:
     libs 25.0Mb
Flavors: r-devel-linux-x86_64-fedora-clang, r-patched-solaris-x86, r-release-windows-ix86+x86_64, r-release-osx-x86_64, r-oldrel-windows-ix86+x86_64, r-oldrel-osx-x86_64

Version: 0.8.3
Check: data for non-ASCII characters
Result: NOTE
     Note: found 4 marked UTF-8 strings
Flavors: r-devel-linux-x86_64-fedora-clang, r-devel-linux-x86_64-fedora-gcc, r-patched-solaris-x86, r-release-osx-x86_64, r-oldrel-osx-x86_64

Version: 0.8.3
Check: whether package can be installed
Result: ERROR
    Installation failed.
Flavor: r-devel-windows-ix86+x86_64