CRAN Package Check Results for Package dparser

Last updated on 2019-09-23 09:50:44 CEST.

Flavor Version Tinstall Tcheck Ttotal Status Flags
r-devel-linux-x86_64-debian-clang 0.1.8 13.68 29.30 42.98 NOTE
r-devel-linux-x86_64-debian-gcc 0.1.8 9.13 23.47 32.60 NOTE
r-devel-linux-x86_64-fedora-clang 0.1.8 55.21 NOTE
r-devel-linux-x86_64-fedora-gcc 0.1.8 52.03 NOTE
r-devel-windows-ix86+x86_64 0.1.8 59.00 119.00 178.00 OK
r-patched-linux-x86_64 0.1.8 9.56 28.40 37.96 OK
r-patched-solaris-x86 0.1.8 65.90 OK
r-release-linux-x86_64 0.1.8 10.08 28.45 38.53 OK
r-release-windows-ix86+x86_64 0.1.8 48.00 105.00 153.00 OK
r-release-osx-x86_64 0.1.8 OK
r-oldrel-windows-ix86+x86_64 0.1.8 35.00 78.00 113.00 OK
r-oldrel-osx-x86_64 0.1.8 OK

Additional issues

clang-UBSAN gcc-UBSAN

Check Details

Version: 0.1.8
Check: for non-standard things in the check directory
Result: NOTE
    Found the following files/directories:
     'ansic_gram.c'
Flavors: r-devel-linux-x86_64-debian-clang, r-devel-linux-x86_64-debian-gcc, r-devel-linux-x86_64-fedora-clang, r-devel-linux-x86_64-fedora-gcc