CRAN Package Check Results for Package doebioresearch

Last updated on 2020-11-26 20:51:36 CET.

Flavor Version Tinstall Tcheck Ttotal Status Flags
r-devel-linux-x86_64-debian-clang 0.1.0 8.86 60.60 69.46 OK
r-devel-linux-x86_64-debian-gcc 0.1.0 6.76 45.62 52.38 OK
r-devel-linux-x86_64-fedora-clang 0.1.0 87.34 OK
r-devel-linux-x86_64-fedora-gcc 0.1.0 77.11 OK
r-devel-windows-ix86+x86_64 0.1.0 16.00 86.00 102.00 OK
r-patched-linux-x86_64 0.1.0 7.37 56.50 63.87 OK
r-patched-solaris-x86 0.1.0 106.70 OK
r-release-linux-x86_64 0.1.0 7.78 57.01 64.79 OK
r-release-macos-x86_64 0.1.0 OK
r-release-windows-ix86+x86_64 0.1.0 17.00 86.00 103.00 OK
r-oldrel-macos-x86_64 0.1.0 ERROR
r-oldrel-windows-ix86+x86_64 0.1.0 3.00 7.00 10.00 ERROR

Check Details

Version: 0.1.0
Check: package dependencies
Result: ERROR
    Package required and available but unsuitable version: ‘stats’
    
    See section ‘The DESCRIPTION file’ in the ‘Writing R Extensions’
    manual.
Flavors: r-oldrel-macos-x86_64, r-oldrel-windows-ix86+x86_64