Last updated on 2022-05-17 21:50:44 CEST.
Flavor | Version | Tinstall | Tcheck | Ttotal | Status | Flags |
---|---|---|---|---|---|---|
r-devel-linux-x86_64-debian-clang | 0.4.0 | 4.81 | 76.98 | 81.79 | NOTE | |
r-devel-linux-x86_64-debian-gcc | 0.4.0 | 4.02 | 58.80 | 62.82 | NOTE | |
r-devel-linux-x86_64-fedora-clang | 0.4.0 | 94.66 | NOTE | |||
r-devel-linux-x86_64-fedora-gcc | 0.4.0 | 97.59 | NOTE | |||
r-devel-windows-x86_64 | 0.4.0 | 65.00 | 101.00 | 166.00 | NOTE | |
r-patched-linux-x86_64 | 0.4.0 | 4.89 | 73.00 | 77.89 | NOTE | |
r-release-linux-x86_64 | 0.4.0 | 5.22 | 72.28 | 77.50 | NOTE | |
r-release-macos-arm64 | 0.4.0 | 29.00 | NOTE | |||
r-release-macos-x86_64 | 0.4.0 | 37.00 | NOTE | |||
r-release-windows-x86_64 | 0.4.0 | 67.00 | 97.00 | 164.00 | NOTE | |
r-oldrel-macos-arm64 | 0.4.0 | 31.00 | NOTE | |||
r-oldrel-macos-x86_64 | 0.4.0 | 59.00 | NOTE | |||
r-oldrel-windows-ix86+x86_64 | 0.4.0 | 13.00 | 119.00 | 132.00 | NOTE |
Version: 0.4.0
Check: LazyData
Result: NOTE
'LazyData' is specified without a 'data' directory
Flavors: r-devel-linux-x86_64-debian-clang, r-devel-linux-x86_64-debian-gcc, r-devel-linux-x86_64-fedora-clang, r-devel-linux-x86_64-fedora-gcc, r-devel-windows-x86_64, r-patched-linux-x86_64, r-release-linux-x86_64, r-release-macos-arm64, r-release-macos-x86_64, r-release-windows-x86_64, r-oldrel-macos-arm64, r-oldrel-macos-x86_64, r-oldrel-windows-ix86+x86_64