CRAN Package Check Results for Package doRNG

Last updated on 2021-12-09 07:50:10 CET.

Flavor Version Tinstall Tcheck Ttotal Status Flags
r-devel-linux-x86_64-debian-clang 1.8.2 2.37 57.98 60.35 NOTE
r-devel-linux-x86_64-debian-gcc 1.8.2 1.92 44.82 46.74 NOTE
r-devel-linux-x86_64-fedora-clang 1.8.2 108.66 NOTE
r-devel-linux-x86_64-fedora-gcc 1.8.2 97.20 OK
r-devel-windows-x86_64-new-UL 1.8.2 8.00 147.00 155.00 OK
r-devel-windows-x86_64-new-TK 1.8.2 OK
r-devel-windows-x86_64-old 1.8.2 5.00 95.00 100.00 OK
r-patched-linux-x86_64 1.8.2 3.59 55.09 58.68 NOTE
r-release-linux-x86_64 1.8.2 2.31 54.64 56.95 NOTE
r-release-macos-arm64 1.8.2 NOTE
r-release-macos-x86_64 1.8.2 NOTE
r-release-windows-ix86+x86_64 1.8.2 5.00 85.00 90.00 OK
r-oldrel-macos-x86_64 1.8.2 NOTE
r-oldrel-windows-ix86+x86_64 1.8.2 6.00 104.00 110.00 OK

Check Details

Version: 1.8.2
Check: package dependencies
Result: NOTE
    Suggests orphaned package: 'bibtex'
Flavors: r-devel-linux-x86_64-debian-clang, r-devel-linux-x86_64-debian-gcc, r-devel-linux-x86_64-fedora-clang, r-patched-linux-x86_64, r-release-linux-x86_64

Version: 1.8.2
Check: package dependencies
Result: NOTE
    Packages suggested but not available for checking: 'doMPI', 'doRedis'
Flavors: r-release-macos-arm64, r-release-macos-x86_64

Version: 1.8.2
Check: Rd cross-references
Result: NOTE
    Package unavailable to check Rd xrefs: ‘doMPI’
Flavors: r-release-macos-arm64, r-release-macos-x86_64, r-oldrel-macos-x86_64

Version: 1.8.2
Check: package dependencies
Result: NOTE
    Package suggested but not available for checking: ‘doMPI’
Flavor: r-oldrel-macos-x86_64