Last updated on 2023-01-26 19:49:25 CET.
Flavor | Version | Tinstall | Tcheck | Ttotal | Status | Flags |
---|---|---|---|---|---|---|
r-devel-linux-x86_64-debian-clang | 1.1.7 | 27.18 | 197.59 | 224.77 | OK | |
r-devel-linux-x86_64-debian-gcc | 1.1.7 | 16.95 | 144.07 | 161.02 | OK | |
r-devel-linux-x86_64-fedora-clang | 1.1.7 | 267.86 | OK | |||
r-devel-linux-x86_64-fedora-gcc | 1.1.7 | 260.74 | OK | |||
r-devel-windows-x86_64 | 1.1.7 | 31.00 | 237.00 | 268.00 | OK | |
r-patched-linux-x86_64 | 1.1.7 | 21.69 | 184.97 | 206.66 | OK | |
r-release-linux-x86_64 | 1.1.7 | 16.33 | 186.57 | 202.90 | OK | |
r-release-macos-arm64 | 1.1.7 | 59.00 | OK | |||
r-release-macos-x86_64 | 1.1.7 | 93.00 | OK | |||
r-release-windows-x86_64 | 1.1.7 | 43.00 | 212.00 | 255.00 | OK | |
r-oldrel-macos-arm64 | 1.1.7 | 9.00 | ERROR | |||
r-oldrel-macos-x86_64 | 1.1.7 | 129.00 | OK | |||
r-oldrel-windows-ix86+x86_64 | 1.1.7 | 46.00 | 213.00 | 259.00 | OK |
Version: 1.1.7
Check: package dependencies
Result: ERROR
Package required but not available: ‘supraHex’
See section ‘The DESCRIPTION file’ in the ‘Writing R Extensions’
manual.
Flavor: r-oldrel-macos-arm64