CRAN Package Check Results for Package dmbc

Last updated on 2020-12-01 19:48:14 CET.

Flavor Version Tinstall Tcheck Ttotal Status Flags
r-devel-linux-x86_64-debian-clang 0.4.0 135.72 81.95 217.67 OK
r-devel-linux-x86_64-debian-gcc 0.4.0 64.73 62.46 127.19 OK
r-devel-linux-x86_64-fedora-clang 0.4.0 253.17 NOTE
r-devel-linux-x86_64-fedora-gcc 0.4.0 219.77 NOTE
r-devel-windows-ix86+x86_64 0.4.0 232.00 144.00 376.00 OK
r-patched-linux-x86_64 0.4.0 128.54 76.99 205.53 OK
r-patched-solaris-x86 0.4.0 219.90 NOTE
r-release-linux-x86_64 0.4.0 80.78 75.26 156.04 OK
r-release-macos-x86_64 0.4.0 NOTE
r-release-windows-ix86+x86_64 0.4.0 168.00 118.00 286.00 OK
r-oldrel-macos-x86_64 0.4.0 NOTE
r-oldrel-windows-ix86+x86_64 0.4.0 191.00 131.00 322.00 OK

Check Details

Version: 0.4.0
Check: dependencies in R code
Result: NOTE
    Namespace in Imports field not imported from: ‘ggrepel’
     All declared Imports should be used.
Flavors: r-devel-linux-x86_64-fedora-clang, r-devel-linux-x86_64-fedora-gcc, r-patched-solaris-x86, r-release-macos-x86_64, r-oldrel-macos-x86_64