CRAN Package Check Results for Package dmacs

Last updated on 2021-09-18 20:51:52 CEST.

Flavor Version Tinstall Tcheck Ttotal Status Flags
r-devel-linux-x86_64-debian-clang 0.1.0 2.75 59.08 61.83 NOTE
r-devel-linux-x86_64-debian-gcc 0.1.0 1.92 44.78 46.70 NOTE
r-devel-linux-x86_64-fedora-clang 0.1.0 82.40 NOTE
r-devel-linux-x86_64-fedora-gcc 0.1.0 72.68 NOTE
r-devel-windows-x86_64 0.1.0 4.00 90.00 94.00 NOTE
r-devel-windows-x86_64-gcc10-UCRT 0.1.0 NOTE
r-patched-linux-x86_64 0.1.0 3.04 56.13 59.17 NOTE
r-patched-solaris-x86 0.1.0 144.70 NOTE
r-release-linux-x86_64 0.1.0 2.79 57.18 59.97 NOTE
r-release-macos-arm64 0.1.0 NOTE
r-release-macos-x86_64 0.1.0 NOTE
r-release-windows-ix86+x86_64 0.1.0 7.00 74.00 81.00 NOTE
r-oldrel-macos-x86_64 0.1.0 OK
r-oldrel-windows-ix86+x86_64 0.1.0 6.00 71.00 77.00 OK

Check Details

Version: 0.1.0
Check: LazyData
Result: NOTE
     'LazyData' is specified without a 'data' directory
Flavors: r-devel-linux-x86_64-debian-clang, r-devel-linux-x86_64-debian-gcc, r-devel-linux-x86_64-fedora-clang, r-devel-linux-x86_64-fedora-gcc, r-devel-windows-x86_64, r-devel-windows-x86_64-gcc10-UCRT, r-patched-linux-x86_64, r-patched-solaris-x86, r-release-linux-x86_64, r-release-macos-arm64, r-release-macos-x86_64, r-release-windows-ix86+x86_64