CRAN Package Check Results for Package dlib

Last updated on 2021-11-30 19:51:21 CET.

Flavor Version Tinstall Tcheck Ttotal Status Flags
r-devel-linux-x86_64-debian-clang 1.0.3.1 12.41 28.92 41.33 OK
r-devel-linux-x86_64-debian-gcc 1.0.3.1 8.31 23.28 31.59 OK
r-devel-linux-x86_64-fedora-clang 1.0.3.1 61.99 NOTE
r-devel-linux-x86_64-fedora-gcc 1.0.3.1 47.27 OK
r-devel-windows-x86_64-new-UL 1.0.3.1 59.00 119.00 178.00 NOTE
r-devel-windows-x86_64-new-TK 1.0.3.1 OK
r-devel-windows-x86_64-old 1.0.3.1 20.00 41.00 61.00 NOTE
r-patched-linux-x86_64 1.0.3.1 10.20 28.59 38.79 OK
r-patched-solaris-x86 1.0.3.1 80.40 NOTE
r-release-linux-x86_64 1.0.3.1 10.37 28.28 38.65 OK
r-release-macos-arm64 1.0.3.1 NOTE
r-release-macos-x86_64 1.0.3.1 NOTE
r-release-windows-ix86+x86_64 1.0.3.1 31.00 52.00 83.00 NOTE
r-oldrel-macos-x86_64 1.0.3.1 NOTE
r-oldrel-windows-ix86+x86_64 1.0.3.1 26.00 61.00 87.00 NOTE

Check Details

Version: 1.0.3.1
Check: installed package size
Result: NOTE
     installed size is 16.6Mb
     sub-directories of 1Mb or more:
     include 16.3Mb
Flavors: r-devel-linux-x86_64-fedora-clang, r-devel-windows-x86_64-new-UL, r-devel-windows-x86_64-old, r-patched-solaris-x86, r-release-macos-arm64, r-release-macos-x86_64, r-release-windows-ix86+x86_64, r-oldrel-macos-x86_64, r-oldrel-windows-ix86+x86_64