CRAN Package Check Results for Package dkanr

Last updated on 2021-09-23 20:52:13 CEST.

Flavor Version Tinstall Tcheck Ttotal Status Flags
r-devel-linux-x86_64-debian-clang 0.1.3 4.41 73.32 77.73 NOTE
r-devel-linux-x86_64-debian-gcc 0.1.3 2.98 55.27 58.25 NOTE
r-devel-linux-x86_64-fedora-clang 0.1.3 102.98 NOTE
r-devel-linux-x86_64-fedora-gcc 0.1.3 91.72 NOTE
r-devel-windows-x86_64 0.1.3 4.00 89.00 93.00 NOTE
r-devel-windows-x86_64-gcc10-UCRT 0.1.3 NOTE
r-patched-linux-x86_64 0.1.3 4.10 69.92 74.02 NOTE
r-patched-solaris-x86 0.1.3 122.30 NOTE
r-release-linux-x86_64 0.1.3 3.66 70.63 74.29 NOTE
r-release-macos-arm64 0.1.3 NOTE
r-release-macos-x86_64 0.1.3 NOTE
r-release-windows-ix86+x86_64 0.1.3 7.00 90.00 97.00 NOTE
r-oldrel-macos-x86_64 0.1.3 OK
r-oldrel-windows-ix86+x86_64 0.1.3 6.00 87.00 93.00 OK

Check Details

Version: 0.1.3
Check: LazyData
Result: NOTE
     'LazyData' is specified without a 'data' directory
Flavors: r-devel-linux-x86_64-debian-clang, r-devel-linux-x86_64-debian-gcc, r-devel-linux-x86_64-fedora-clang, r-devel-linux-x86_64-fedora-gcc, r-devel-windows-x86_64, r-devel-windows-x86_64-gcc10-UCRT, r-patched-linux-x86_64, r-patched-solaris-x86, r-release-linux-x86_64, r-release-macos-arm64, r-release-macos-x86_64, r-release-windows-ix86+x86_64