CRAN Package Check Results for Package diversityForest

Last updated on 2024-02-23 19:48:44 CET.

Flavor Version Tinstall Tcheck Ttotal Status Flags
r-devel-linux-x86_64-debian-clang 0.4.0 NOTE
r-devel-linux-x86_64-debian-gcc 0.4.0 143.74 92.99 236.73 NOTE
r-devel-linux-x86_64-fedora-clang 0.4.0 425.41 NOTE
r-devel-linux-x86_64-fedora-gcc 0.4.0 428.79 NOTE
r-devel-windows-x86_64 0.4.0 128.00 133.00 261.00 NOTE
r-patched-linux-x86_64 0.4.0 179.07 121.81 300.88 NOTE
r-release-linux-x86_64 0.4.0 176.78 121.16 297.94 NOTE
r-release-macos-arm64 0.4.0 107.00 NOTE
r-release-macos-x86_64 0.4.0 172.00 NOTE
r-release-windows-x86_64 0.4.0 178.00 163.00 341.00 NOTE
r-oldrel-macos-arm64 0.4.0 64.00 NOTE
r-oldrel-windows-x86_64 0.4.0 170.00 150.00 320.00 NOTE

Check Details

Version: 0.4.0
Check: package dependencies
Result: NOTE Package suggested but not available for checking: ‘BOLTSSIRR’ Flavors: r-devel-linux-x86_64-debian-clang, r-devel-linux-x86_64-debian-gcc, r-devel-linux-x86_64-fedora-clang, r-devel-linux-x86_64-fedora-gcc, r-devel-windows-x86_64, r-patched-linux-x86_64, r-release-linux-x86_64, r-release-macos-arm64, r-release-macos-x86_64, r-release-windows-x86_64, r-oldrel-macos-arm64, r-oldrel-windows-x86_64

Version: 0.4.0
Check: installed package size
Result: NOTE installed size is 9.9Mb sub-directories of 1Mb or more: libs 9.5Mb Flavors: r-release-macos-arm64, r-release-macos-x86_64, r-oldrel-macos-arm64