CRAN Package Check Results for Package diversitree

Last updated on 2021-10-17 12:52:40 CEST.

Flavor Version Tinstall Tcheck Ttotal Status Flags
r-devel-linux-x86_64-debian-clang 0.9-16 80.95 117.20 198.15 OK
r-devel-linux-x86_64-debian-gcc 0.9-16 59.55 87.13 146.68 OK
r-devel-linux-x86_64-fedora-clang 0.9-16 274.36 NOTE
r-devel-linux-x86_64-fedora-gcc 0.9-16 244.88 OK
r-devel-windows-x86_64 0.9-16 106.00 142.00 248.00 OK
r-devel-windows-x86_64-gcc10-UCRT 0.9-16 OK
r-patched-linux-x86_64 0.9-16 70.19 114.84 185.03 OK
r-patched-solaris-x86 0.9-16 262.70 OK
r-release-linux-x86_64 0.9-16 66.22 113.08 179.30 OK
r-release-macos-arm64 0.9-16 NOTE
r-release-macos-x86_64 0.9-16 NOTE
r-release-windows-ix86+x86_64 0.9-16 135.00 177.00 312.00 NOTE
r-oldrel-macos-x86_64 0.9-16 NOTE
r-oldrel-windows-ix86+x86_64 0.9-16 196.00 174.00 370.00 NOTE

Check Details

Version: 0.9-16
Check: installed package size
Result: NOTE
     installed size is 6.1Mb
     sub-directories of 1Mb or more:
     libs 4.8Mb
Flavors: r-devel-linux-x86_64-fedora-clang, r-release-macos-arm64, r-release-macos-x86_64, r-release-windows-ix86+x86_64, r-oldrel-macos-x86_64, r-oldrel-windows-ix86+x86_64