CRAN Package Check Results for Package distrTEst

Last updated on 2020-10-21 08:49:13 CEST.

Flavor Version Tinstall Tcheck Ttotal Status Flags
r-devel-linux-x86_64-debian-clang 2.8.0 19.11 56.47 75.58 NOTE
r-devel-linux-x86_64-debian-gcc 2.8.0 15.38 44.31 59.69 NOTE
r-devel-linux-x86_64-fedora-clang 2.8.0 102.30 NOTE
r-devel-linux-x86_64-fedora-gcc 2.8.0 91.44 NOTE
r-devel-windows-ix86+x86_64 2.8.0 36.00 82.00 118.00 OK
r-patched-linux-x86_64 2.8.0 21.81 53.10 74.91 NOTE
r-patched-solaris-x86 2.8.0 128.10 NOTE
r-release-linux-x86_64 2.8.0 16.41 52.78 69.19 NOTE
r-release-macos-x86_64 2.8.0 OK
r-release-windows-ix86+x86_64 2.8.0 29.00 58.00 87.00 OK
r-oldrel-macos-x86_64 2.8.0 OK
r-oldrel-windows-ix86+x86_64 2.8.0 22.00 73.00 95.00 OK

Check Details

Version: 2.8.0
Check: for non-standard things in the check directory
Result: NOTE
    Found the following files/directories:
     'csim.mean' 'csim.mean.comment'
Flavors: r-devel-linux-x86_64-debian-clang, r-devel-linux-x86_64-debian-gcc, r-devel-linux-x86_64-fedora-clang, r-devel-linux-x86_64-fedora-gcc, r-patched-linux-x86_64, r-patched-solaris-x86, r-release-linux-x86_64

Version: 2.8.0
Check: Rd cross-references
Result: NOTE
    Undeclared package ‘distr’ in Rd xrefs
Flavor: r-devel-linux-x86_64-fedora-clang