CRAN Package Check Results for Package distrSim

Last updated on 2020-10-21 08:49:13 CEST.

Flavor Version Tinstall Tcheck Ttotal Status Flags
r-devel-linux-x86_64-debian-clang 2.8.0 18.50 55.09 73.59 NOTE
r-devel-linux-x86_64-debian-gcc 2.8.0 18.00 43.08 61.08 NOTE
r-devel-linux-x86_64-fedora-clang 2.8.0 99.65 NOTE
r-devel-linux-x86_64-fedora-gcc 2.8.0 90.09 NOTE
r-devel-windows-ix86+x86_64 2.8.0 35.00 85.00 120.00 OK
r-patched-linux-x86_64 2.8.0 19.36 51.67 71.03 NOTE
r-patched-solaris-x86 2.8.0 122.10 NOTE
r-release-linux-x86_64 2.8.0 20.24 52.22 72.46 NOTE
r-release-macos-x86_64 2.8.0 OK
r-release-windows-ix86+x86_64 2.8.0 30.00 58.00 88.00 OK
r-oldrel-macos-x86_64 2.8.0 OK
r-oldrel-windows-ix86+x86_64 2.8.0 22.00 75.00 97.00 OK

Check Details

Version: 2.8.0
Check: for non-standard things in the check directory
Result: NOTE
    Found the following files/directories:
     'csim' 'xyz' 'xyz.sav' 'xyz.sav.comment'
Flavors: r-devel-linux-x86_64-debian-clang, r-devel-linux-x86_64-debian-gcc, r-devel-linux-x86_64-fedora-clang, r-devel-linux-x86_64-fedora-gcc, r-patched-linux-x86_64, r-patched-solaris-x86, r-release-linux-x86_64

Version: 2.8.0
Check: Rd cross-references
Result: NOTE
    Undeclared package ‘distrTEst’ in Rd xrefs
Flavor: r-devel-linux-x86_64-fedora-clang