CRAN Package Check Results for Package distrEx

Last updated on 2020-10-26 19:48:18 CET.

Flavor Version Tinstall Tcheck Ttotal Status Flags
r-devel-linux-x86_64-debian-clang 2.8.0 35.87 95.02 130.89 OK
r-devel-linux-x86_64-debian-gcc 2.8.0 28.03 71.46 99.49 OK
r-devel-linux-x86_64-fedora-clang 2.8.0 163.80 NOTE
r-devel-linux-x86_64-fedora-gcc 2.8.0 152.72 OK
r-devel-windows-ix86+x86_64 2.8.0 59.00 169.00 228.00 OK
r-patched-linux-x86_64 2.8.0 32.90 89.49 122.39 OK
r-patched-solaris-x86 2.8.0 197.00 OK
r-release-linux-x86_64 2.8.0 30.72 88.77 119.49 OK
r-release-macos-x86_64 2.8.0 OK
r-release-windows-ix86+x86_64 2.8.0 44.00 118.00 162.00 OK
r-oldrel-macos-x86_64 2.8.0 OK
r-oldrel-windows-ix86+x86_64 2.8.0 59.00 146.00 205.00 OK

Check Details

Version: 2.8.0
Check: Rd cross-references
Result: NOTE
    Undeclared package ‘robustbase’ in Rd xrefs
Flavor: r-devel-linux-x86_64-fedora-clang