CRAN Package Check Results for Package distr6

Last updated on 2021-11-27 07:49:47 CET.

Flavor Version Tinstall Tcheck Ttotal Status Flags
r-devel-linux-x86_64-debian-clang 1.6.2 OK
r-devel-linux-x86_64-debian-gcc 1.6.2 109.41 314.64 424.05 OK
r-devel-linux-x86_64-fedora-clang 1.6.2 762.56 NOTE
r-devel-linux-x86_64-fedora-gcc 1.6.2 694.04 OK
r-devel-windows-x86_64-new-UL 1.6.2 216.00 539.00 755.00 NOTE
r-devel-windows-x86_64-new-TK 1.6.2 OK
r-devel-windows-x86_64-old 1.6.2 142.00 489.00 631.00 NOTE
r-patched-linux-x86_64 1.6.2 138.48 411.09 549.57 OK
r-patched-solaris-x86 1.6.2 761.60 NOTE
r-release-linux-x86_64 1.6.2 OK
r-release-macos-arm64 1.6.2 NOTE
r-release-macos-x86_64 1.6.2 NOTE
r-release-windows-ix86+x86_64 1.6.2 254.00 697.00 951.00 NOTE
r-oldrel-macos-x86_64 1.6.2 NOTE
r-oldrel-windows-ix86+x86_64 1.6.2 184.00 721.00 905.00 NOTE

Check Details

Version: 1.6.2
Check: installed package size
Result: NOTE
     installed size is 7.1Mb
     sub-directories of 1Mb or more:
     R 3.6Mb
     help 1.2Mb
     libs 2.1Mb
Flavors: r-devel-linux-x86_64-fedora-clang, r-devel-windows-x86_64-new-UL, r-devel-windows-x86_64-old, r-patched-solaris-x86, r-release-macos-arm64, r-release-macos-x86_64, r-release-windows-ix86+x86_64, r-oldrel-macos-x86_64, r-oldrel-windows-ix86+x86_64