Last updated on 2023-01-31 19:56:18 CET.
Flavor | Version | Tinstall | Tcheck | Ttotal | Status | Flags |
---|---|---|---|---|---|---|
r-devel-linux-x86_64-debian-clang | 0.2.0 | 2.39 | 42.65 | 45.04 | NOTE | |
r-devel-linux-x86_64-debian-gcc | 0.2.0 | 1.63 | 31.97 | 33.60 | NOTE | |
r-devel-linux-x86_64-fedora-clang | 0.2.0 | 57.70 | NOTE | |||
r-devel-linux-x86_64-fedora-gcc | 0.2.0 | 64.74 | NOTE | |||
r-devel-windows-x86_64 | 0.2.0 | 14.00 | 86.00 | 100.00 | NOTE | |
r-patched-linux-x86_64 | 0.2.0 | 2.78 | 40.65 | 43.43 | OK | |
r-release-linux-x86_64 | 0.2.0 | 3.17 | 41.74 | 44.91 | OK | |
r-release-macos-arm64 | 0.2.0 | 23.00 | NOTE | |||
r-release-macos-x86_64 | 0.2.0 | 36.00 | NOTE | |||
r-release-windows-x86_64 | 0.2.0 | 21.00 | 90.00 | 111.00 | OK | |
r-oldrel-macos-arm64 | 0.2.0 | 30.00 | NOTE | |||
r-oldrel-macos-x86_64 | 0.2.0 | 37.00 | NOTE | |||
r-oldrel-windows-ix86+x86_64 | 0.2.0 | 11.00 | 76.00 | 87.00 | OK |
Version: 0.2.0
Check: package subdirectories
Result: NOTE
Problems with news in ‘NEWS.md’:
No news entries found.
Flavors: r-devel-linux-x86_64-debian-clang, r-devel-linux-x86_64-debian-gcc, r-devel-linux-x86_64-fedora-clang, r-devel-linux-x86_64-fedora-gcc, r-devel-windows-x86_64
Version: 0.2.0
Check: dependencies in R code
Result: NOTE
Namespaces in Imports field not imported from:
‘dplyr’ ‘proxy’
All declared Imports should be used.
Flavors: r-devel-linux-x86_64-fedora-clang, r-devel-linux-x86_64-fedora-gcc, r-release-macos-arm64, r-release-macos-x86_64, r-oldrel-macos-arm64, r-oldrel-macos-x86_64