Last updated on 2023-01-26 19:49:25 CET.
Flavor | Version | Tinstall | Tcheck | Ttotal | Status | Flags |
---|---|---|---|---|---|---|
r-devel-linux-x86_64-debian-clang | 0.1.0.9 | 13.67 | 912.54 | 926.21 | OK | |
r-devel-linux-x86_64-debian-gcc | 0.1.0.9 | 12.12 | 645.27 | 657.39 | OK | |
r-devel-linux-x86_64-fedora-clang | 0.1.0.9 | 875.88 | NOTE | |||
r-devel-linux-x86_64-fedora-gcc | 0.1.0.9 | 946.68 | NOTE | |||
r-devel-windows-x86_64 | 0.1.0.9 | 22.00 | 355.00 | 377.00 | OK | |
r-patched-linux-x86_64 | 0.1.0.9 | 14.68 | 959.21 | 973.89 | OK | |
r-release-linux-x86_64 | 0.1.0.9 | 10.52 | 957.62 | 968.14 | OK | |
r-release-macos-arm64 | 0.1.0.9 | 215.00 | NOTE | |||
r-release-macos-x86_64 | 0.1.0.9 | 393.00 | NOTE | |||
r-release-windows-x86_64 | 0.1.0.9 | 22.00 | 411.00 | 433.00 | OK | |
r-oldrel-macos-arm64 | 0.1.0.9 | 212.00 | NOTE | |||
r-oldrel-macos-x86_64 | 0.1.0.9 | 386.00 | NOTE | |||
r-oldrel-windows-ix86+x86_64 | 0.1.0.9 | 32.00 | 596.00 | 628.00 | OK |
Version: 0.1.0.9
Check: dependencies in R code
Result: NOTE
Namespace in Imports field not imported from: ‘MASS’
All declared Imports should be used.
Flavors: r-devel-linux-x86_64-fedora-clang, r-devel-linux-x86_64-fedora-gcc, r-release-macos-arm64, r-release-macos-x86_64, r-oldrel-macos-arm64, r-oldrel-macos-x86_64