CRAN Package Check Results for Package distantia

Last updated on 2021-09-22 08:50:04 CEST.

Flavor Version Tinstall Tcheck Ttotal Status Flags
r-devel-linux-x86_64-debian-clang 1.0.2 10.44 83.37 93.81 OK
r-devel-linux-x86_64-debian-gcc 1.0.2 8.36 60.58 68.94 OK
r-devel-linux-x86_64-fedora-clang 1.0.2 117.08 OK
r-devel-linux-x86_64-fedora-gcc 1.0.2 104.40 OK
r-devel-windows-x86_64 1.0.2 11.00 79.00 90.00 OK
r-devel-windows-x86_64-gcc10-UCRT 1.0.2 ERROR
r-patched-linux-x86_64 1.0.2 10.14 76.08 86.22 OK
r-patched-solaris-x86 1.0.2 139.90 OK
r-release-linux-x86_64 1.0.2 9.54 76.69 86.23 OK
r-release-macos-arm64 1.0.2 OK
r-release-macos-x86_64 1.0.2 OK
r-release-windows-ix86+x86_64 1.0.2 23.00 79.00 102.00 OK
r-oldrel-macos-x86_64 1.0.2 OK
r-oldrel-windows-ix86+x86_64 1.0.2 15.00 74.00 89.00 OK

Check Details

Version: 1.0.2
Check: package dependencies
Result: NOTE
    Packages suggested but not available for checking: 'devtools', 'kableExtra'
Flavor: r-devel-windows-x86_64-gcc10-UCRT

Version: 1.0.2
Check: PDF version of manual
Result: WARN
    LaTeX errors when creating PDF version.
    This typically indicates Rd problems.
Flavor: r-devel-windows-x86_64-gcc10-UCRT

Version: 1.0.2
Check: PDF version of manual without hyperrefs or index
Result: ERROR
    Re-running with no redirection of stdout/stderr.
Flavor: r-devel-windows-x86_64-gcc10-UCRT