Last updated on 2023-11-30 19:51:54 CET.
Flavor | Version | Tinstall | Tcheck | Ttotal | Status | Flags |
---|---|---|---|---|---|---|
r-devel-linux-x86_64-debian-clang | 0.1.2 | 40.16 | 45.59 | 85.75 | NOTE | |
r-devel-linux-x86_64-debian-gcc | 0.1.2 | 22.49 | 34.50 | 56.99 | NOTE | |
r-devel-linux-x86_64-fedora-clang | 0.1.2 | 125.45 | NOTE | |||
r-devel-linux-x86_64-fedora-gcc | 0.1.2 | 120.57 | NOTE | |||
r-devel-windows-x86_64 | 0.1.2 | 25.00 | 75.00 | 100.00 | NOTE | |
r-patched-linux-x86_64 | 0.1.2 | 29.90 | 43.52 | 73.42 | NOTE | |
r-release-linux-x86_64 | 0.1.2 | 26.01 | 43.19 | 69.20 | NOTE | |
r-release-macos-arm64 | 0.1.2 | 39.00 | NOTE | |||
r-release-macos-x86_64 | 0.1.2 | 62.00 | NOTE | |||
r-release-windows-x86_64 | 0.1.2 | 26.00 | 83.00 | 109.00 | NOTE | |
r-oldrel-macos-arm64 | 0.1.2 | 34.00 | OK | |||
r-oldrel-macos-x86_64 | 0.1.2 | 41.00 | OK | |||
r-oldrel-windows-x86_64 | 0.1.2 | 34.00 | 83.00 | 117.00 | OK |
Version: 0.1.2
Check: C++ specification
Result: NOTE
Specified C++11: please drop specification unless essential
Flavors: r-devel-linux-x86_64-debian-clang, r-devel-linux-x86_64-debian-gcc, r-devel-linux-x86_64-fedora-clang, r-devel-linux-x86_64-fedora-gcc, r-devel-windows-x86_64, r-patched-linux-x86_64, r-release-linux-x86_64, r-release-macos-arm64, r-release-macos-x86_64, r-release-windows-x86_64