CRAN Package Check Results for Package disclapmix

Last updated on 2021-09-20 20:48:34 CEST.

Flavor Version Tinstall Tcheck Ttotal Status Flags
r-devel-linux-x86_64-debian-clang 1.7.3 38.83 64.88 103.71 OK
r-devel-linux-x86_64-debian-gcc 1.7.3 24.05 50.40 74.45 OK
r-devel-linux-x86_64-fedora-clang 1.7.3 145.38 OK
r-devel-linux-x86_64-fedora-gcc 1.7.3 124.49 OK
r-devel-windows-x86_64 1.7.3 38.00 79.00 117.00 OK
r-devel-windows-x86_64-gcc10-UCRT 1.7.3 ERROR
r-patched-linux-x86_64 1.7.3 30.00 62.30 92.30 OK
r-patched-solaris-x86 1.7.3 153.70 OK
r-release-linux-x86_64 1.7.3 29.12 62.16 91.28 OK
r-release-macos-arm64 1.7.3 OK
r-release-macos-x86_64 1.7.3 OK
r-release-windows-ix86+x86_64 1.7.3 86.00 106.00 192.00 OK
r-oldrel-macos-x86_64 1.7.3 OK
r-oldrel-windows-ix86+x86_64 1.7.3 86.00 140.00 226.00 OK

Check Details

Version: 1.7.3
Check: whether package can be installed
Result: ERROR
    Installation failed.
Flavor: r-devel-windows-x86_64-gcc10-UCRT