CRAN Package Check Results for Package discgolf

Last updated on 2021-09-27 20:48:15 CEST.

Flavor Version Tinstall Tcheck Ttotal Status Flags
r-devel-linux-x86_64-debian-clang 0.2.0 2.44 27.19 29.63 NOTE
r-devel-linux-x86_64-debian-gcc 0.2.0 2.03 21.58 23.61 NOTE
r-devel-linux-x86_64-fedora-clang 0.2.0 45.31 NOTE
r-devel-linux-x86_64-fedora-gcc 0.2.0 34.56 NOTE
r-devel-windows-x86_64 0.2.0 4.00 33.00 37.00 NOTE
r-devel-windows-x86_64-gcc10-UCRT 0.2.0 NOTE
r-patched-linux-x86_64 0.2.0 2.99 26.65 29.64 NOTE
r-patched-solaris-x86 0.2.0 54.30 NOTE
r-release-linux-x86_64 0.2.0 2.70 26.76 29.46 NOTE
r-release-macos-arm64 0.2.0 NOTE
r-release-macos-x86_64 0.2.0 NOTE
r-release-windows-ix86+x86_64 0.2.0 8.00 33.00 41.00 NOTE
r-oldrel-macos-x86_64 0.2.0 OK
r-oldrel-windows-ix86+x86_64 0.2.0 5.00 30.00 35.00 OK

Check Details

Version: 0.2.0
Check: LazyData
Result: NOTE
     'LazyData' is specified without a 'data' directory
Flavors: r-devel-linux-x86_64-debian-clang, r-devel-linux-x86_64-debian-gcc, r-devel-linux-x86_64-fedora-clang, r-devel-linux-x86_64-fedora-gcc, r-devel-windows-x86_64, r-devel-windows-x86_64-gcc10-UCRT, r-patched-linux-x86_64, r-patched-solaris-x86, r-release-linux-x86_64, r-release-macos-arm64, r-release-macos-x86_64, r-release-windows-ix86+x86_64