Last updated on 2023-02-08 19:58:00 CET.
Flavor | Version | Tinstall | Tcheck | Ttotal | Status | Flags |
---|---|---|---|---|---|---|
r-devel-linux-x86_64-debian-clang | 1.0.0 | 394.54 | 217.10 | 611.64 | NOTE | |
r-devel-linux-x86_64-debian-gcc | 1.0.0 | 338.50 | 173.71 | 512.21 | NOTE | |
r-devel-linux-x86_64-fedora-clang | 1.0.0 | 752.37 | NOTE | |||
r-devel-linux-x86_64-fedora-gcc | 1.0.0 | 833.26 | NOTE | |||
r-devel-windows-x86_64 | 1.0.0 | 717.00 | 376.00 | 1093.00 | NOTE | |
r-patched-linux-x86_64 | 1.0.0 | 285.94 | 215.14 | 501.08 | NOTE | |
r-release-linux-x86_64 | 1.0.0 | 266.24 | 223.02 | 489.26 | NOTE | |
r-release-macos-arm64 | 1.0.0 | 165.00 | NOTE | |||
r-release-macos-x86_64 | 1.0.0 | 276.00 | NOTE | |||
r-release-windows-x86_64 | 1.0.0 | 279.00 | 345.00 | 624.00 | NOTE | |
r-oldrel-macos-arm64 | 1.0.0 | 180.00 | NOTE | |||
r-oldrel-macos-x86_64 | 1.0.0 | 278.00 | NOTE | |||
r-oldrel-windows-ix86+x86_64 | 1.0.0 | 743.00 | 418.00 | 1161.00 | NOTE |
Version: 1.0.0
Check: C++ specification
Result: NOTE
Specified C++14: please update to current default of C++17
Flavors: r-devel-linux-x86_64-debian-clang, r-devel-windows-x86_64
Version: 1.0.0
Check: for GNU extensions in Makefiles
Result: NOTE
GNU make is a SystemRequirements.
Flavors: r-devel-linux-x86_64-debian-clang, r-devel-linux-x86_64-debian-gcc, r-devel-linux-x86_64-fedora-clang, r-devel-linux-x86_64-fedora-gcc, r-devel-windows-x86_64, r-patched-linux-x86_64, r-release-linux-x86_64, r-release-macos-arm64, r-release-macos-x86_64, r-release-windows-x86_64, r-oldrel-macos-arm64, r-oldrel-macos-x86_64, r-oldrel-windows-ix86+x86_64
Version: 1.0.0
Check: C++ specification
Result: NOTE
Specified C++14: please drop specification unless essential
Flavors: r-devel-linux-x86_64-debian-gcc, r-devel-linux-x86_64-fedora-clang, r-devel-linux-x86_64-fedora-gcc
Version: 1.0.0
Check: installed package size
Result: NOTE
installed size is 5.6Mb
sub-directories of 1Mb or more:
libs 4.8Mb
Flavors: r-devel-linux-x86_64-fedora-clang, r-release-macos-arm64, r-release-macos-x86_64, r-oldrel-macos-arm64, r-oldrel-macos-x86_64, r-oldrel-windows-ix86+x86_64