CRAN Package Check Results for Package disbayes

Last updated on 2024-02-29 07:52:32 CET.

Flavor Version Tinstall Tcheck Ttotal Status Flags
r-devel-linux-x86_64-debian-clang 1.1.0 614.81 272.73 887.54 NOTE
r-devel-linux-x86_64-debian-gcc 1.1.0 419.73 222.64 642.37 NOTE
r-devel-linux-x86_64-fedora-clang 1.1.0 1000.87 NOTE
r-devel-linux-x86_64-fedora-gcc 1.1.0 1149.41 NOTE
r-devel-windows-x86_64 1.1.0 324.00 247.00 571.00 NOTE
r-patched-linux-x86_64 1.1.0 331.96 288.16 620.12 NOTE
r-release-linux-x86_64 1.1.0 363.92 289.40 653.32 NOTE
r-release-macos-arm64 1.1.0 522.00 NOTE
r-release-macos-x86_64 1.1.0 611.00 NOTE
r-release-windows-x86_64 1.1.0 422.00 315.00 737.00 NOTE
r-oldrel-macos-arm64 1.1.0 384.00 NOTE
r-oldrel-windows-x86_64 1.1.0 388.00 300.00 688.00 NOTE

Check Details

Version: 1.1.0
Check: for GNU extensions in Makefiles
Result: NOTE GNU make is a SystemRequirements. Flavors: r-devel-linux-x86_64-debian-clang, r-devel-linux-x86_64-debian-gcc, r-devel-linux-x86_64-fedora-clang, r-devel-linux-x86_64-fedora-gcc, r-devel-windows-x86_64, r-patched-linux-x86_64, r-release-linux-x86_64, r-release-macos-arm64, r-release-macos-x86_64, r-release-windows-x86_64, r-oldrel-macos-arm64, r-oldrel-windows-x86_64

Version: 1.1.0
Check: installed package size
Result: NOTE installed size is 7.4Mb sub-directories of 1Mb or more: libs 6.5Mb Flavors: r-devel-linux-x86_64-fedora-clang, r-devel-windows-x86_64, r-release-macos-arm64, r-release-macos-x86_64, r-release-windows-x86_64, r-oldrel-macos-arm64, r-oldrel-windows-x86_64