CRAN Package Check Results for Package disaggregation

Last updated on 2024-02-24 07:51:22 CET.

Flavor Version Tinstall Tcheck Ttotal Status Flags
r-devel-linux-x86_64-debian-clang 0.3.0 104.39 157.87 262.26 NOTE
r-devel-linux-x86_64-debian-gcc 0.3.0 97.55 122.07 219.62 NOTE
r-devel-linux-x86_64-fedora-clang 0.3.0 482.55 OK
r-devel-linux-x86_64-fedora-gcc 0.3.0 587.48 OK
r-devel-windows-x86_64 0.3.0 73.00 258.00 331.00 NOTE
r-patched-linux-x86_64 0.3.0 82.45 152.44 234.89 NOTE
r-release-linux-x86_64 0.3.0 79.68 154.59 234.27 NOTE
r-release-macos-arm64 0.3.0 96.00 NOTE
r-release-macos-x86_64 0.3.0 273.00 NOTE
r-release-windows-x86_64 0.3.0 95.00 194.00 289.00 NOTE
r-oldrel-macos-arm64 0.3.0 106.00 NOTE
r-oldrel-windows-x86_64 0.3.0 86.00 187.00 273.00 NOTE

Check Details

Version: 0.3.0
Check: package dependencies
Result: NOTE Package suggested but not available for checking: ‘INLA’ Flavors: r-devel-linux-x86_64-debian-clang, r-devel-linux-x86_64-debian-gcc, r-patched-linux-x86_64, r-release-linux-x86_64, r-release-macos-arm64, r-release-macos-x86_64, r-release-windows-x86_64, r-oldrel-macos-arm64, r-oldrel-windows-x86_64

Version: 0.3.0
Check: installed package size
Result: NOTE installed size is 13.4Mb sub-directories of 1Mb or more: libs 12.8Mb Flavors: r-devel-windows-x86_64, r-release-macos-arm64, r-release-macos-x86_64, r-release-windows-x86_64, r-oldrel-macos-arm64, r-oldrel-windows-x86_64