CRAN Package Check Results for Package diptest

Last updated on 2021-10-16 20:50:40 CEST.

Flavor Version Tinstall Tcheck Ttotal Status Flags
r-devel-linux-x86_64-debian-clang 0.76-0 2.69 41.02 43.71 OK
r-devel-linux-x86_64-debian-gcc 0.76-0 2.23 32.18 34.41 OK
r-devel-linux-x86_64-fedora-clang 0.76-0 64.54 OK
r-devel-linux-x86_64-fedora-gcc 0.76-0 54.81 OK
r-devel-windows-x86_64 0.76-0 5.00 53.00 58.00 OK
r-devel-windows-x86_64-gcc10-UCRT 0.76-0 OK
r-patched-linux-x86_64 0.76-0 2.78 40.67 43.45 OK
r-patched-solaris-x86 0.76-0 81.40 OK
r-release-linux-x86_64 0.76-0 2.71 39.91 42.62 OK
r-release-macos-arm64 0.76-0 OK
r-release-macos-x86_64 0.76-0 OK
r-release-windows-ix86+x86_64 0.76-0 9.00 65.00 74.00 OK
r-oldrel-macos-x86_64 0.76-0 NOTE
r-oldrel-windows-ix86+x86_64 0.76-0 6.00 64.00 70.00 NOTE

Check Details

Version: 0.76-0
Check: contents of ‘data’ directory
Result: NOTE
    Output for data("exHartigan", package = "diptest"):
     'exHartigan' data is identical to 'statfaculty' and hence deprecated.
     Use the 'statfaculty' instead
Flavors: r-oldrel-macos-x86_64, r-oldrel-windows-ix86+x86_64