CRAN Package Check Results for Package dinamic

Last updated on 2021-09-21 08:49:38 CEST.

Flavor Version Tinstall Tcheck Ttotal Status Flags
r-devel-linux-x86_64-debian-clang 1.0 2.29 51.31 53.60 OK
r-devel-linux-x86_64-debian-gcc 1.0 1.57 41.15 42.72 OK
r-devel-linux-x86_64-fedora-clang 1.0 73.97 OK
r-devel-linux-x86_64-fedora-gcc 1.0 63.24 OK
r-devel-windows-x86_64 1.0 3.00 59.00 62.00 OK
r-devel-windows-x86_64-gcc10-UCRT 1.0 ERROR
r-patched-linux-x86_64 1.0 2.28 49.92 52.20 OK
r-patched-solaris-x86 1.0 136.90 OK
r-release-linux-x86_64 1.0 2.23 49.98 52.21 OK
r-release-macos-arm64 1.0 OK
r-release-macos-x86_64 1.0 OK
r-release-windows-ix86+x86_64 1.0 5.00 53.00 58.00 OK
r-oldrel-macos-x86_64 1.0 OK
r-oldrel-windows-ix86+x86_64 1.0 4.00 51.00 55.00 OK

Check Details

Version: 1.0
Check: whether package can be installed
Result: WARN
    Found the following significant warnings:
     WARNING: installation-time patches will not be applied, could not get the patches index
Flavor: r-devel-windows-x86_64-gcc10-UCRT

Version: 1.0
Check: PDF version of manual
Result: WARN
    LaTeX errors when creating PDF version.
    This typically indicates Rd problems.
Flavor: r-devel-windows-x86_64-gcc10-UCRT

Version: 1.0
Check: PDF version of manual without hyperrefs or index
Result: ERROR
    Re-running with no redirection of stdout/stderr.
Flavor: r-devel-windows-x86_64-gcc10-UCRT