Last updated on 2023-02-04 12:57:11 CET.
Flavor | Version | Tinstall | Tcheck | Ttotal | Status | Flags |
---|---|---|---|---|---|---|
r-devel-linux-x86_64-debian-clang | 0.3.1 | 42.11 | 480.27 | 522.38 | OK | |
r-devel-linux-x86_64-debian-gcc | 0.3.1 | 34.05 | 361.63 | 395.68 | OK | |
r-devel-linux-x86_64-fedora-clang | 0.3.1 | 629.72 | OK | |||
r-devel-linux-x86_64-fedora-gcc | 0.3.1 | 624.56 | OK | |||
r-devel-windows-x86_64 | 0.3.1 | 159.00 | 634.00 | 793.00 | OK | |
r-patched-linux-x86_64 | 0.3.1 | 50.59 | 457.78 | 508.37 | OK | |
r-release-linux-x86_64 | 0.3.1 | 40.49 | 457.33 | 497.82 | OK | |
r-release-macos-arm64 | 0.3.1 | 6.00 | ERROR | |||
r-release-macos-x86_64 | 0.3.1 | 222.00 | OK | |||
r-release-windows-x86_64 | 0.3.1 | 386.00 | 625.00 | 1011.00 | OK | |
r-oldrel-macos-arm64 | 0.3.1 | 11.00 | ERROR | |||
r-oldrel-macos-x86_64 | 0.3.1 | 216.00 | OK | |||
r-oldrel-windows-ix86+x86_64 | 0.3.1 | 91.00 | 529.00 | 620.00 | OK |
Version: 0.3.1
Check: package dependencies
Result: ERROR
Package required but not available: ‘zinbwave’
See section ‘The DESCRIPTION file’ in the ‘Writing R Extensions’
manual.
Flavors: r-release-macos-arm64, r-oldrel-macos-arm64