CRAN Package Check Results for Package diffusionMap

Last updated on 2020-07-14 09:50:25 CEST.

Flavor Version Tinstall Tcheck Ttotal Status Flags
r-devel-linux-x86_64-debian-clang 1.2.0 7.59 86.63 94.22 OK
r-devel-linux-x86_64-debian-gcc 1.2.0 5.74 65.50 71.24 OK
r-devel-linux-x86_64-fedora-clang 1.2.0 125.21 OK
r-devel-linux-x86_64-fedora-gcc 1.2.0 119.58 OK
r-devel-windows-ix86+x86_64 1.2.0 18.00 127.00 145.00 OK
r-patched-linux-x86_64 1.2.0 7.91 85.61 93.52 OK
r-patched-solaris-x86 1.2.0 190.20 OK
r-release-linux-x86_64 1.2.0 6.58 83.28 89.86 OK
r-release-macos-x86_64 1.2.0 ERROR
r-release-windows-ix86+x86_64 1.2.0 20.00 98.00 118.00 OK
r-oldrel-macos-x86_64 1.2.0 OK
r-oldrel-windows-ix86+x86_64 1.2.0 16.00 117.00 133.00 OK

Check Details

Version: 1.2.0
Check: whether package can be installed
Result: ERROR
    Installation failed.
Flavor: r-release-macos-x86_64