CRAN Package Check Results for Package diffusion

Last updated on 2020-07-14 09:50:25 CEST.

Flavor Version Tinstall Tcheck Ttotal Status Flags
r-devel-linux-x86_64-debian-clang 0.2.7 3.58 35.57 39.15 OK
r-devel-linux-x86_64-debian-gcc 0.2.7 3.01 27.10 30.11 OK
r-devel-linux-x86_64-fedora-clang 0.2.7 57.13 OK
r-devel-linux-x86_64-fedora-gcc 0.2.7 48.20 OK
r-devel-windows-ix86+x86_64 0.2.7 12.00 65.00 77.00 OK
r-patched-linux-x86_64 0.2.7 3.17 34.62 37.79 OK
r-patched-solaris-x86 0.2.7 72.90 OK
r-release-linux-x86_64 0.2.7 3.44 34.83 38.27 OK
r-release-macos-x86_64 0.2.7 ERROR
r-release-windows-ix86+x86_64 0.2.7 16.00 48.00 64.00 OK
r-oldrel-macos-x86_64 0.2.7 OK
r-oldrel-windows-ix86+x86_64 0.2.7 8.00 68.00 76.00 OK

Check Details

Version: 0.2.7
Check: whether package can be installed
Result: ERROR
    Installation failed.
Flavor: r-release-macos-x86_64