CRAN Package Check Results for Package diffrprojects

Last updated on 2019-08-21 10:47:25 CEST.

Flavor Version Tinstall Tcheck Ttotal Status Flags
r-devel-linux-x86_64-debian-clang 0.1.14 31.82 93.19 125.01 OK
r-devel-linux-x86_64-debian-gcc 0.1.14 23.55 68.07 91.62 OK
r-devel-linux-x86_64-fedora-clang 0.1.14 159.54 NOTE
r-devel-linux-x86_64-fedora-gcc 0.1.14 146.52 NOTE
r-devel-windows-ix86+x86_64 0.1.14 84.00 244.00 328.00 OK
r-patched-linux-x86_64 0.1.14 27.45 84.60 112.05 OK
r-patched-solaris-x86 0.1.14 278.00 OK
r-release-linux-x86_64 0.1.14 26.11 84.44 110.55 OK
r-release-windows-ix86+x86_64 0.1.14 66.00 179.00 245.00 OK
r-release-osx-x86_64 0.1.14 OK
r-oldrel-windows-ix86+x86_64 0.1.14 47.00 167.00 214.00 OK
r-oldrel-osx-x86_64 0.1.14 OK

Check Details

Version: 0.1.14
Check: compiled code
Result: NOTE
    File ‘diffrprojects/libs/diffrprojects.so’:
     Found no calls to: ‘R_registerRoutines’, ‘R_useDynamicSymbols’
    
    It is good practice to register native routines and to disable symbol
    search.
    
    See ‘Writing portable packages’ in the ‘Writing R Extensions’ manual.
Flavors: r-devel-linux-x86_64-fedora-clang, r-devel-linux-x86_64-fedora-gcc