CRAN Package Check Results for Package diffrprojects

Last updated on 2019-12-07 08:49:24 CET.

Flavor Version Tinstall Tcheck Ttotal Status Flags
r-devel-linux-x86_64-debian-clang 0.1.14 37.27 98.47 135.74 OK
r-devel-linux-x86_64-debian-gcc 0.1.14 24.78 72.84 97.62 OK
r-devel-linux-x86_64-fedora-clang 0.1.14 173.73 NOTE
r-devel-linux-x86_64-fedora-gcc 0.1.14 158.13 NOTE
r-devel-windows-ix86+x86_64 0.1.14 68.00 253.00 321.00 OK
r-devel-windows-ix86+x86_64-gcc8 0.1.14 68.00 185.00 253.00 OK
r-patched-linux-x86_64 0.1.14 27.17 85.96 113.13 OK
r-patched-solaris-x86 0.1.14 284.20 OK
r-release-linux-x86_64 0.1.14 26.95 88.90 115.85 OK
r-release-windows-ix86+x86_64 0.1.14 55.00 170.00 225.00 OK
r-release-osx-x86_64 0.1.14 OK
r-oldrel-windows-ix86+x86_64 0.1.14 44.00 239.00 283.00 OK
r-oldrel-osx-x86_64 0.1.14 OK

Check Details

Version: 0.1.14
Check: compiled code
Result: NOTE
    File ‘diffrprojects/libs/diffrprojects.so’:
     Found no calls to: ‘R_registerRoutines’, ‘R_useDynamicSymbols’
    
    It is good practice to register native routines and to disable symbol
    search.
    
    See ‘Writing portable packages’ in the ‘Writing R Extensions’ manual.
Flavors: r-devel-linux-x86_64-fedora-clang, r-devel-linux-x86_64-fedora-gcc