CRAN Package Check Results for Package diffr

Last updated on 2024-06-24 21:56:45 CEST.

Flavor Version Tinstall Tcheck Ttotal Status Flags
r-devel-linux-x86_64-debian-clang 0.1 2.63 29.06 31.69 NOTE
r-devel-linux-x86_64-debian-gcc 0.1 2.12 22.37 24.49 NOTE
r-devel-linux-x86_64-fedora-clang 0.1 40.29 NOTE
r-devel-linux-x86_64-fedora-gcc 0.1 41.27 NOTE
r-devel-windows-x86_64 0.1 5.00 48.00 53.00 NOTE
r-patched-linux-x86_64 0.1 6.67 27.86 34.53 NOTE
r-release-linux-x86_64 0.1 2.74 27.76 30.50 NOTE
r-release-macos-arm64 0.1 18.00 NOTE
r-release-macos-x86_64 0.1 27.00 NOTE
r-release-windows-x86_64 0.1 4.00 50.00 54.00 NOTE
r-oldrel-macos-arm64 0.1 18.00 NOTE
r-oldrel-macos-x86_64 0.1 25.00 NOTE
r-oldrel-windows-x86_64 0.1 4.00 50.00 54.00 NOTE

Check Details

Version: 0.1
Check: LazyData
Result: NOTE 'LazyData' is specified without a 'data' directory Flavors: r-devel-linux-x86_64-debian-clang, r-devel-linux-x86_64-debian-gcc, r-devel-linux-x86_64-fedora-clang, r-devel-linux-x86_64-fedora-gcc, r-devel-windows-x86_64, r-patched-linux-x86_64, r-release-linux-x86_64, r-release-macos-arm64, r-release-macos-x86_64, r-release-windows-x86_64, r-oldrel-macos-arm64, r-oldrel-macos-x86_64, r-oldrel-windows-x86_64