CRAN Package Check Results for Package diffr

Last updated on 2023-09-23 20:53:02 CEST.

Flavor Version Tinstall Tcheck Ttotal Status Flags
r-devel-linux-x86_64-debian-clang 0.1 2.18 28.87 31.05 NOTE
r-devel-linux-x86_64-debian-gcc 0.1 2.43 22.77 25.20 NOTE
r-devel-linux-x86_64-fedora-clang 0.1 39.59 NOTE
r-devel-linux-x86_64-fedora-gcc 0.1 38.56 NOTE
r-devel-windows-x86_64 0.1 4.00 49.00 53.00 NOTE
r-patched-linux-x86_64 0.1 6.08 27.40 33.48 NOTE
r-release-linux-x86_64 0.1 3.04 28.11 31.15 NOTE
r-release-macos-arm64 0.1 18.00 NOTE
r-release-macos-x86_64 0.1 25.00 NOTE
r-release-windows-x86_64 0.1 5.00 48.00 53.00 NOTE
r-oldrel-macos-arm64 0.1 17.00 NOTE
r-oldrel-macos-x86_64 0.1 24.00 NOTE
r-oldrel-windows-x86_64 0.1 5.00 50.00 55.00 NOTE

Check Details

Version: 0.1
Check: LazyData
Result: NOTE
     'LazyData' is specified without a 'data' directory
Flavors: r-devel-linux-x86_64-debian-clang, r-devel-linux-x86_64-debian-gcc, r-devel-linux-x86_64-fedora-clang, r-devel-linux-x86_64-fedora-gcc, r-devel-windows-x86_64, r-patched-linux-x86_64, r-release-linux-x86_64, r-release-macos-arm64, r-release-macos-x86_64, r-release-windows-x86_64, r-oldrel-macos-arm64, r-oldrel-macos-x86_64, r-oldrel-windows-x86_64