CRAN Package Check Results for Package diffee

Last updated on 2021-09-20 08:50:11 CEST.

Flavor Version Tinstall Tcheck Ttotal Status Flags
r-devel-linux-x86_64-debian-clang 1.1.0 2.88 34.07 36.95 OK
r-devel-linux-x86_64-debian-gcc 1.1.0 2.25 27.32 29.57 OK
r-devel-linux-x86_64-fedora-clang 1.1.0 52.20 OK
r-devel-linux-x86_64-fedora-gcc 1.1.0 42.18 OK
r-devel-windows-x86_64 1.1.0 4.00 42.00 46.00 OK
r-devel-windows-x86_64-gcc10-UCRT 1.1.0 ERROR
r-patched-linux-x86_64 1.1.0 3.04 33.49 36.53 OK
r-patched-solaris-x86 1.1.0 79.00 OK
r-release-linux-x86_64 1.1.0 2.77 32.97 35.74 OK
r-release-macos-arm64 1.1.0 OK
r-release-macos-x86_64 1.1.0 OK
r-release-windows-ix86+x86_64 1.1.0 6.00 40.00 46.00 OK
r-oldrel-macos-x86_64 1.1.0 OK
r-oldrel-windows-ix86+x86_64 1.1.0 8.00 41.00 49.00 OK

Check Details

Version: 1.1.0
Check: whether package can be installed
Result: WARN
    Found the following significant warnings:
     WARNING: installation-time patches will not be applied, could not get the patches index
Flavor: r-devel-windows-x86_64-gcc10-UCRT

Version: 1.1.0
Check: PDF version of manual
Result: WARN
    LaTeX errors when creating PDF version.
    This typically indicates Rd problems.
Flavor: r-devel-windows-x86_64-gcc10-UCRT

Version: 1.1.0
Check: PDF version of manual without hyperrefs or index
Result: ERROR
    Re-running with no redirection of stdout/stderr.
Flavor: r-devel-windows-x86_64-gcc10-UCRT