CRAN Package Check Results for Package did2s

Last updated on 2022-01-24 07:49:45 CET.

Flavor Version Tinstall Tcheck Ttotal Status Flags
r-devel-linux-x86_64-debian-clang 0.4.0 45.12 146.50 191.62 OK
r-devel-linux-x86_64-debian-gcc 0.4.0 33.96 112.72 146.68 OK
r-devel-linux-x86_64-fedora-clang 0.4.0 241.66 NOTE
r-devel-linux-x86_64-fedora-gcc 0.4.0 219.44 NOTE
r-devel-windows-x86_64-new-UL 0.4.0 55.00 195.00 250.00 OK
r-devel-windows-x86_64-new-TK 0.4.0 ERROR
r-patched-linux-x86_64 0.4.0 40.26 139.30 179.56 OK
r-release-linux-x86_64 0.4.0 39.33 141.13 180.46 OK
r-release-macos-arm64 0.4.0 NOTE
r-release-macos-x86_64 0.4.0 NOTE
r-release-windows-ix86+x86_64 0.4.0 77.00 263.00 340.00 OK
r-oldrel-macos-x86_64 0.4.0 NOTE
r-oldrel-windows-ix86+x86_64 0.4.0 110.00 264.00 374.00 OK

Check Details

Version: 0.4.0
Check: dependencies in R code
Result: NOTE
    Namespaces in Imports field not imported from:
     ‘gt’ ‘tidyr’
     All declared Imports should be used.
Flavors: r-devel-linux-x86_64-fedora-clang, r-devel-linux-x86_64-fedora-gcc, r-release-macos-arm64, r-release-macos-x86_64, r-oldrel-macos-x86_64

Version: 0.4.0
Check: package dependencies
Result: ERROR
    Package required but not available: 'did'
    
    See section 'The DESCRIPTION file' in the 'Writing R Extensions'
    manual.
Flavor: r-devel-windows-x86_64-new-TK

Version: 0.4.0
Check: installed package size
Result: NOTE
     installed size is 5.5Mb
     sub-directories of 1Mb or more:
     data 1.5Mb
     libs 3.4Mb
Flavors: r-release-macos-arm64, r-release-macos-x86_64, r-oldrel-macos-x86_64