Last updated on 2023-02-08 19:58:00 CET.
Flavor | Version | Tinstall | Tcheck | Ttotal | Status | Flags |
---|---|---|---|---|---|---|
r-devel-linux-x86_64-debian-clang | 0.1.0 | 23.23 | 127.87 | 151.10 | OK | |
r-devel-linux-x86_64-debian-gcc | 0.1.0 | 18.58 | 95.15 | 113.73 | OK | |
r-devel-linux-x86_64-fedora-clang | 0.1.0 | 192.59 | NOTE | |||
r-devel-linux-x86_64-fedora-gcc | 0.1.0 | 181.99 | NOTE | |||
r-devel-windows-x86_64 | 0.1.0 | 47.00 | 156.00 | 203.00 | OK | |
r-patched-linux-x86_64 | 0.1.0 | 19.25 | 118.92 | 138.17 | OK | |
r-release-linux-x86_64 | 0.1.0 | 20.63 | 118.43 | 139.06 | OK | |
r-release-macos-arm64 | 0.1.0 | 56.00 | NOTE | |||
r-release-macos-x86_64 | 0.1.0 | 112.00 | NOTE | |||
r-release-windows-x86_64 | 0.1.0 | 52.00 | 158.00 | 210.00 | OK | |
r-oldrel-macos-arm64 | 0.1.0 | 46.00 | NOTE | |||
r-oldrel-macos-x86_64 | 0.1.0 | 71.00 | NOTE | |||
r-oldrel-windows-ix86+x86_64 | 0.1.0 | 47.00 | 145.00 | 192.00 | OK |
Version: 0.1.0
Check: data for non-ASCII characters
Result: NOTE
Note: found 8014 marked UTF-8 strings
Flavors: r-devel-linux-x86_64-fedora-clang, r-devel-linux-x86_64-fedora-gcc, r-release-macos-arm64, r-release-macos-x86_64, r-oldrel-macos-arm64, r-oldrel-macos-x86_64