CRAN Package Check Results for Package diathor

Last updated on 2024-02-26 19:50:06 CET.

Flavor Version Tinstall Tcheck Ttotal Status Flags
r-devel-linux-x86_64-debian-clang 0.1.0 19.06 123.08 142.14 OK
r-devel-linux-x86_64-debian-gcc 0.1.0 18.17 92.65 110.82 OK
r-devel-linux-x86_64-fedora-clang 0.1.0 182.89 NOTE
r-devel-linux-x86_64-fedora-gcc 0.1.0 172.47 NOTE
r-devel-windows-x86_64 0.1.0 20.00 107.00 127.00 OK
r-patched-linux-x86_64 0.1.0 18.66 117.81 136.47 OK
r-release-linux-x86_64 0.1.0 24.85 120.85 145.70 OK
r-release-macos-arm64 0.1.0 56.00 OK
r-release-macos-x86_64 0.1.0 89.00 OK
r-release-windows-x86_64 0.1.0 27.00 131.00 158.00 OK
r-oldrel-macos-arm64 0.1.0 56.00 NOTE
r-oldrel-windows-x86_64 0.1.0 28.00 132.00 160.00 OK

Check Details

Version: 0.1.0
Check: data for non-ASCII characters
Result: NOTE Note: found 8014 marked UTF-8 strings Flavors: r-devel-linux-x86_64-fedora-clang, r-devel-linux-x86_64-fedora-gcc, r-oldrel-macos-arm64