CRAN Package Check Results for Package diagmeta

Last updated on 2021-09-23 08:50:55 CEST.

Flavor Version Tinstall Tcheck Ttotal Status Flags
r-devel-linux-x86_64-debian-clang 0.4-1 9.37 82.55 91.92 OK
r-devel-linux-x86_64-debian-gcc 0.4-1 8.23 63.98 72.21 OK
r-devel-linux-x86_64-fedora-clang 0.4-1 121.69 OK
r-devel-linux-x86_64-fedora-gcc 0.4-1 111.37 OK
r-devel-windows-x86_64 0.4-1 12.00 81.00 93.00 OK
r-devel-windows-x86_64-gcc10-UCRT 0.4-1 ERROR
r-patched-linux-x86_64 0.4-1 10.15 79.71 89.86 OK
r-patched-solaris-x86 0.4-1 162.00 OK
r-release-linux-x86_64 0.4-1 10.47 79.80 90.27 OK
r-release-macos-arm64 0.4-1 OK
r-release-macos-x86_64 0.4-1 OK
r-release-windows-ix86+x86_64 0.4-1 23.00 77.00 100.00 OK
r-oldrel-macos-x86_64 0.4-1 OK
r-oldrel-windows-ix86+x86_64 0.4-1 18.00 74.00 92.00 OK

Check Details

Version: 0.4-1
Check: package dependencies
Result: ERROR
    Package required but not available: 'meta'
    
    See section 'The DESCRIPTION file' in the 'Writing R Extensions'
    manual.
Flavor: r-devel-windows-x86_64-gcc10-UCRT